Last updated on 2025-04-30 04:50:05 CEST.
Flavor | Version | Tinstall | Tcheck | Ttotal | Status | Flags |
---|---|---|---|---|---|---|
r-devel-linux-x86_64-debian-clang | 0.2.0 | 1.42 | 32.91 | 34.33 | NOTE | |
r-devel-linux-x86_64-debian-gcc | 0.2.0 | 1.26 | 26.23 | 27.49 | OK | |
r-devel-linux-x86_64-fedora-clang | 0.2.0 | 54.97 | OK | |||
r-devel-linux-x86_64-fedora-gcc | 0.2.0 | 65.32 | OK | |||
r-devel-windows-x86_64 | 0.2.0 | 2.00 | 58.00 | 60.00 | OK | |
r-patched-linux-x86_64 | 0.2.0 | 1.59 | 31.26 | 32.85 | OK | |
r-release-linux-x86_64 | 0.2.0 | 1.56 | 31.82 | 33.38 | OK | |
r-release-macos-arm64 | 0.2.0 | 60.00 | OK | |||
r-release-macos-x86_64 | 0.2.0 | 81.00 | OK | |||
r-release-windows-x86_64 | 0.2.0 | 3.00 | 54.00 | 57.00 | OK | |
r-oldrel-macos-arm64 | 0.2.0 | 57.00 | OK | |||
r-oldrel-macos-x86_64 | 0.2.0 | 106.00 | OK | |||
r-oldrel-windows-x86_64 | 0.2.0 | 3.00 | 57.00 | 60.00 | OK |
Version: 0.2.0
Check: examples
Result: NOTE
Examples with CPU (user + system) or elapsed time > 5s
user system elapsed
findPackage 4.655 0.306 6.073
Flavor: r-devel-linux-x86_64-debian-clang