CRAN Package Check Results for Package findR

Last updated on 2025-02-22 05:51:35 CET.

Flavor Version Tinstall Tcheck Ttotal Status Flags
r-devel-linux-x86_64-debian-clang 0.2.1 2.02 18.84 20.86 OK
r-devel-linux-x86_64-debian-gcc 0.2.1 1.67 14.64 16.31 OK
r-devel-linux-x86_64-fedora-clang 0.2.1 32.64 OK
r-devel-linux-x86_64-fedora-gcc 0.2.1 31.82 OK
r-devel-macos-arm64 0.2.1 15.00 OK
r-devel-macos-x86_64 0.2.1 26.00 OK
r-devel-windows-x86_64 0.2.1 4.00 41.00 45.00 OK
r-patched-linux-x86_64 0.2.1 1.71 17.87 19.58 NOTE
r-release-linux-x86_64 0.2.1 2.05 17.73 19.78 NOTE
r-release-macos-arm64 0.2.1 14.00 NOTE
r-release-macos-x86_64 0.2.1 21.00 NOTE
r-release-windows-x86_64 0.2.1 3.00 40.00 43.00 NOTE
r-oldrel-macos-arm64 0.2.1 16.00 NOTE
r-oldrel-macos-x86_64 0.2.1 20.00 NOTE
r-oldrel-windows-x86_64 0.2.1 4.00 43.00 47.00 NOTE

Check Details

Version: 0.2.1
Check: LazyData
Result: NOTE 'LazyData' is specified without a 'data' directory Flavors: r-patched-linux-x86_64, r-release-linux-x86_64, r-release-macos-arm64, r-release-macos-x86_64, r-release-windows-x86_64, r-oldrel-macos-arm64, r-oldrel-macos-x86_64, r-oldrel-windows-x86_64