Last updated on 2025-04-30 04:50:05 CEST.
Flavor | Version | Tinstall | Tcheck | Ttotal | Status | Flags |
---|---|---|---|---|---|---|
r-devel-linux-x86_64-debian-clang | 1.1 | 33.17 | 148.07 | 181.24 | NOTE | |
r-devel-linux-x86_64-debian-gcc | 1.1 | 25.86 | 113.25 | 139.11 | OK | |
r-devel-linux-x86_64-fedora-clang | 1.1 | 316.03 | NOTE | |||
r-devel-linux-x86_64-fedora-gcc | 1.1 | 306.83 | NOTE | |||
r-devel-windows-x86_64 | 1.1 | 35.00 | 150.00 | 185.00 | OK | |
r-patched-linux-x86_64 | 1.1 | 30.53 | 138.05 | 168.58 | OK | |
r-release-linux-x86_64 | 1.1 | 30.58 | 138.57 | 169.15 | OK | |
r-release-macos-arm64 | 1.1 | 116.00 | OK | |||
r-release-macos-x86_64 | 1.1 | 164.00 | OK | |||
r-release-windows-x86_64 | 1.1 | 51.00 | 142.00 | 193.00 | OK | |
r-oldrel-macos-arm64 | 1.1 | 112.00 | OK | |||
r-oldrel-macos-x86_64 | 1.1 | 129.00 | OK | |||
r-oldrel-windows-x86_64 | 1.1 | 40.00 | 196.00 | 236.00 | OK |
Version: 1.1
Check: examples
Result: NOTE
Examples with CPU (user + system) or elapsed time > 5s
user system elapsed
fingerPro-package 3.836 0.323 5.014
Flavor: r-devel-linux-x86_64-debian-clang
Version: 1.1
Check: dependencies in R code
Result: NOTE
Namespace in Imports field not imported from: ‘RcppProgress’
All declared Imports should be used.
Flavors: r-devel-linux-x86_64-fedora-clang, r-devel-linux-x86_64-fedora-gcc