Last updated on 2025-04-30 04:50:05 CEST.
Flavor | Version | Tinstall | Tcheck | Ttotal | Status | Flags |
---|---|---|---|---|---|---|
r-devel-linux-x86_64-debian-clang | 0.6 | 2.52 | 28.33 | 30.85 | NOTE | |
r-devel-linux-x86_64-debian-gcc | 0.6 | 1.91 | 22.40 | 24.31 | NOTE | |
r-devel-linux-x86_64-fedora-clang | 0.6 | 52.01 | OK | |||
r-devel-linux-x86_64-fedora-gcc | 0.6 | 60.27 | OK | |||
r-devel-windows-x86_64 | 0.6 | 4.00 | 65.00 | 69.00 | OK | |
r-patched-linux-x86_64 | 0.6 | 2.69 | 27.44 | 30.13 | OK | |
r-release-linux-x86_64 | 0.6 | 2.83 | 27.30 | 30.13 | OK | |
r-release-macos-arm64 | 0.6 | 29.00 | OK | |||
r-release-macos-x86_64 | 0.6 | 51.00 | OK | |||
r-release-windows-x86_64 | 0.6 | 3.00 | 61.00 | 64.00 | OK | |
r-oldrel-macos-arm64 | 0.6 | 25.00 | OK | |||
r-oldrel-macos-x86_64 | 0.6 | 38.00 | OK | |||
r-oldrel-windows-x86_64 | 0.6 | 4.00 | 59.00 | 63.00 | OK |
Version: 0.6
Check: CRAN incoming feasibility
Result: NOTE
Maintainer: ‘Benjamin Baumgartner <benjamin@baumgrt.com>’
Package CITATION file contains call(s) to old-style personList() or
as.personList(). Please use c() on person objects instead.
Package CITATION file contains call(s) to old-style citEntry(). Please
use bibentry() instead.
Flavors: r-devel-linux-x86_64-debian-clang, r-devel-linux-x86_64-debian-gcc