Last updated on 2025-04-30 04:50:05 CEST.
Flavor | Version | Tinstall | Tcheck | Ttotal | Status | Flags |
---|---|---|---|---|---|---|
r-devel-linux-x86_64-debian-clang | 1.0.2 | 9.75 | 122.76 | 132.51 | NOTE | |
r-devel-linux-x86_64-debian-gcc | 1.0.2 | 6.88 | 88.09 | 94.97 | NOTE | |
r-devel-linux-x86_64-fedora-clang | 1.0.2 | 207.22 | OK | |||
r-devel-linux-x86_64-fedora-gcc | 1.0.2 | 211.63 | OK | |||
r-devel-windows-x86_64 | 1.0.2 | 10.00 | 147.00 | 157.00 | OK | |
r-patched-linux-x86_64 | 1.0.2 | 9.74 | 122.06 | 131.80 | OK | |
r-release-linux-x86_64 | 1.0.2 | 9.52 | 121.17 | 130.69 | OK | |
r-release-macos-arm64 | 1.0.2 | 73.00 | OK | |||
r-release-macos-x86_64 | 1.0.2 | 108.00 | OK | |||
r-release-windows-x86_64 | 1.0.2 | 10.00 | 140.00 | 150.00 | OK | |
r-oldrel-macos-arm64 | 1.0.2 | 67.00 | OK | |||
r-oldrel-macos-x86_64 | 1.0.2 | 137.00 | OK | |||
r-oldrel-windows-x86_64 | 1.0.2 | 11.00 | 162.00 | 173.00 | OK |
Version: 1.0.2
Check: examples
Result: NOTE
Examples with CPU (user + system) or elapsed time > 5s
user system elapsed
richardso 7.456 0.132 9.747
gcm 6.495 0.470 8.438
richards 6.539 0.078 8.612
vonbert 5.120 0.093 6.022
gompertz 4.459 0.160 5.382
schnute3 4.442 0.090 5.755
vonberto 4.265 0.146 5.005
gompertzo 4.225 0.164 5.688
Flavor: r-devel-linux-x86_64-debian-clang
Version: 1.0.2
Check: examples
Result: NOTE
Examples with CPU (user + system) or elapsed time > 5s
user system elapsed
richardso 5.333 0.059 6.057
gcm 4.754 0.095 6.307
richards 4.681 0.092 5.727
Flavor: r-devel-linux-x86_64-debian-gcc