Last updated on 2025-04-30 04:50:05 CEST.
Flavor | Version | Tinstall | Tcheck | Ttotal | Status | Flags |
---|---|---|---|---|---|---|
r-devel-linux-x86_64-debian-clang | 1.13-1 | 110.61 | 183.88 | 294.49 | OK | |
r-devel-linux-x86_64-debian-gcc | 1.13-1 | 91.10 | 113.00 | 204.10 | OK | |
r-devel-linux-x86_64-fedora-clang | 1.13-1 | 467.65 | OK | |||
r-devel-linux-x86_64-fedora-gcc | 1.13-1 | 509.03 | OK | |||
r-devel-windows-x86_64 | 1.13-1 | 118.00 | 199.00 | 317.00 | OK | |
r-patched-linux-x86_64 | 1.13-1 | 134.77 | 169.55 | 304.32 | OK | |
r-release-linux-x86_64 | 1.13-1 | 129.11 | 172.66 | 301.77 | OK | |
r-release-macos-arm64 | 1.13-1 | 114.00 | OK | |||
r-release-macos-x86_64 | 1.13-1 | 271.00 | OK | |||
r-release-windows-x86_64 | 1.13-1 | 115.00 | 205.00 | 320.00 | OK | |
r-oldrel-macos-arm64 | 1.13-1 | 131.00 | NOTE | |||
r-oldrel-macos-x86_64 | 1.13-1 | 322.00 | NOTE | |||
r-oldrel-windows-x86_64 | 1.13-1 | 136.00 | 260.00 | 396.00 | NOTE |
Version: 1.13-1
Check: installed package size
Result: NOTE
installed size is 48.5Mb
sub-directories of 1Mb or more:
libs 47.1Mb
Flavors: r-oldrel-macos-arm64, r-oldrel-macos-x86_64, r-oldrel-windows-x86_64