Last updated on 2025-04-30 04:50:05 CEST.
Flavor | Version | Tinstall | Tcheck | Ttotal | Status | Flags |
---|---|---|---|---|---|---|
r-devel-linux-x86_64-debian-clang | 2025.1.0.0 | 16.55 | 58.07 | 74.62 | NOTE | |
r-devel-linux-x86_64-debian-gcc | 2025.1.0.0 | 10.02 | 42.06 | 52.08 | NOTE | |
r-devel-linux-x86_64-fedora-clang | 2025.1.0.0 | 120.58 | OK | |||
r-devel-linux-x86_64-fedora-gcc | 2025.1.0.0 | 122.89 | OK | |||
r-devel-windows-x86_64 | 2025.1.0.0 | 17.00 | 88.00 | 105.00 | OK | |
r-patched-linux-x86_64 | 2025.1.0.0 | 18.15 | 58.13 | 76.28 | OK | |
r-release-linux-x86_64 | 2025.1.0.0 | 16.62 | 58.79 | 75.41 | OK | |
r-release-macos-arm64 | 2025.1.0.0 | 59.00 | OK | |||
r-release-macos-x86_64 | 2025.1.0.0 | 127.00 | OK | |||
r-release-windows-x86_64 | 2025.1.0.0 | 16.00 | 87.00 | 103.00 | OK | |
r-oldrel-macos-arm64 | 2025.1.0.0 | 55.00 | NOTE | |||
r-oldrel-macos-x86_64 | 2025.1.0.0 | 117.00 | NOTE | |||
r-oldrel-windows-x86_64 | 2025.1.0.0 | 18.00 | 100.00 | 118.00 | OK |
Version: 2025.1.0.0
Check: examples
Result: NOTE
Examples with CPU (user + system) or elapsed time > 5s
user system elapsed
fishstat-package 6.705 0.132 9.849
production 6.377 0.010 9.018
Flavor: r-devel-linux-x86_64-debian-clang
Version: 2025.1.0.0
Check: examples
Result: NOTE
Examples with CPU (user + system) or elapsed time > 5s
user system elapsed
fishstat-package 5.043 0.106 6.212
production 4.722 0.000 5.728
Flavor: r-devel-linux-x86_64-debian-gcc
Version: 2025.1.0.0
Check: installed package size
Result: NOTE
installed size is 5.3Mb
sub-directories of 1Mb or more:
data 5.2Mb
Flavors: r-oldrel-macos-arm64, r-oldrel-macos-x86_64