CRAN Package Check Results for Package fitmix

Last updated on 2025-04-30 04:50:05 CEST.

Flavor Version Tinstall Tcheck Ttotal Status Flags
r-devel-linux-x86_64-debian-clang 0.1.0 2.64 24.27 26.91 NOTE
r-devel-linux-x86_64-debian-gcc 0.1.0 1.76 18.73 20.49 NOTE
r-devel-linux-x86_64-fedora-clang 0.1.0 42.34 NOTE
r-devel-linux-x86_64-fedora-gcc 0.1.0 40.87 NOTE
r-devel-windows-x86_64 0.1.0 3.00 48.00 51.00 NOTE
r-patched-linux-x86_64 0.1.0 2.62 23.03 25.65 NOTE
r-release-linux-x86_64 0.1.0 2.57 22.99 25.56 NOTE
r-release-macos-arm64 0.1.0 17.00 NOTE
r-release-macos-x86_64 0.1.0 30.00 NOTE
r-release-windows-x86_64 0.1.0 4.00 50.00 54.00 NOTE
r-oldrel-macos-arm64 0.1.0 17.00 NOTE
r-oldrel-macos-x86_64 0.1.0 25.00 NOTE
r-oldrel-windows-x86_64 0.1.0 4.00 48.00 52.00 NOTE

Check Details

Version: 0.1.0
Check: Rd files
Result: NOTE checkRd: (-1) fitmixEM.Rd:51: Escaped LaTeX specials: \& Flavors: r-devel-linux-x86_64-debian-clang, r-devel-linux-x86_64-debian-gcc, r-devel-linux-x86_64-fedora-clang, r-devel-linux-x86_64-fedora-gcc, r-devel-windows-x86_64, r-patched-linux-x86_64, r-release-linux-x86_64, r-release-macos-arm64, r-release-macos-x86_64, r-release-windows-x86_64, r-oldrel-macos-arm64, r-oldrel-macos-x86_64, r-oldrel-windows-x86_64

Version: 0.1.0
Check: examples
Result: NOTE Examples with CPU (user + system) or elapsed time > 5s user system elapsed fitmixEM 3.786 0.108 5.416 Flavor: r-devel-linux-x86_64-debian-clang