Last updated on 2025-02-21 03:52:12 CET.
Flavor | Version | Tinstall | Tcheck | Ttotal | Status | Flags |
---|---|---|---|---|---|---|
r-devel-linux-x86_64-debian-clang | 0.1.0 | 43.67 | 141.08 | 184.75 | NOTE | |
r-devel-linux-x86_64-debian-gcc | 0.1.0 | 29.21 | 89.70 | 118.91 | NOTE | |
r-devel-linux-x86_64-fedora-clang | 0.1.0 | 306.30 | NOTE | |||
r-devel-linux-x86_64-fedora-gcc | 0.1.0 | 318.18 | NOTE | |||
r-devel-macos-arm64 | 0.1.0 | 81.00 | NOTE | |||
r-devel-macos-x86_64 | 0.1.0 | 178.00 | NOTE | |||
r-devel-windows-x86_64 | 0.1.0 | 48.00 | 176.00 | 224.00 | NOTE | |
r-patched-linux-x86_64 | 0.1.0 | 42.00 | 130.80 | 172.80 | NOTE | |
r-release-linux-x86_64 | 0.1.0 | 40.70 | 134.00 | 174.70 | NOTE | |
r-release-macos-arm64 | 0.1.0 | 77.00 | NOTE | |||
r-release-macos-x86_64 | 0.1.0 | 147.00 | NOTE | |||
r-release-windows-x86_64 | 0.1.0 | 47.00 | 177.00 | 224.00 | NOTE | |
r-oldrel-macos-arm64 | 0.1.0 | 85.00 | NOTE | |||
r-oldrel-macos-x86_64 | 0.1.0 | 176.00 | NOTE | |||
r-oldrel-windows-x86_64 | 0.1.0 | 57.00 | 201.00 | 258.00 | NOTE |
Version: 0.1.0
Check: C++ specification
Result: NOTE
Specified C++11: please drop specification unless essential
Flavors: r-devel-linux-x86_64-debian-clang, r-devel-linux-x86_64-debian-gcc, r-devel-linux-x86_64-fedora-clang, r-devel-linux-x86_64-fedora-gcc, r-devel-macos-arm64, r-devel-macos-x86_64, r-devel-windows-x86_64, r-patched-linux-x86_64, r-release-linux-x86_64, r-release-macos-arm64, r-release-macos-x86_64, r-release-windows-x86_64, r-oldrel-macos-arm64, r-oldrel-macos-x86_64, r-oldrel-windows-x86_64
Version: 0.1.0
Check: Rd files
Result: NOTE
checkRd: (-1) ModelMixHMM-class.Rd:31: Lost braces; missing escapes or markup?
31 | \code{smoothed} of class {StatMixHMM}).
| ^
checkRd: (-1) ModelMixHMMR-class.Rd:31: Lost braces; missing escapes or markup?
31 | \code{smoothed} of class {StatMixHMMR}).
| ^
Flavors: r-devel-linux-x86_64-debian-clang, r-devel-linux-x86_64-debian-gcc, r-devel-linux-x86_64-fedora-clang, r-devel-linux-x86_64-fedora-gcc, r-devel-macos-arm64, r-devel-macos-x86_64, r-devel-windows-x86_64, r-patched-linux-x86_64, r-release-linux-x86_64, r-release-macos-arm64, r-release-macos-x86_64, r-release-windows-x86_64
Version: 0.1.0
Check: installed package size
Result: NOTE
installed size is 7.8Mb
sub-directories of 1Mb or more:
doc 1.9Mb
help 2.3Mb
libs 3.2Mb
Flavors: r-release-macos-arm64, r-release-macos-x86_64, r-release-windows-x86_64, r-oldrel-macos-arm64, r-oldrel-macos-x86_64, r-oldrel-windows-x86_64