Last updated on 2025-04-30 04:50:05 CEST.
Flavor | Version | Tinstall | Tcheck | Ttotal | Status | Flags |
---|---|---|---|---|---|---|
r-devel-linux-x86_64-debian-clang | 1.0 | 62.00 | 63.33 | 125.33 | NOTE | |
r-devel-linux-x86_64-debian-gcc | 1.0 | 47.67 | 42.52 | 90.19 | NOTE | |
r-devel-linux-x86_64-fedora-clang | 1.0 | 222.35 | OK | |||
r-devel-linux-x86_64-fedora-gcc | 1.0 | 221.86 | OK | |||
r-devel-windows-x86_64 | 1.0 | 70.00 | 102.00 | 172.00 | OK | |
r-patched-linux-x86_64 | 1.0 | 69.25 | 57.17 | 126.42 | OK | |
r-release-linux-x86_64 | 1.0 | 62.95 | 56.70 | 119.65 | OK | |
r-release-macos-arm64 | 1.0 | 59.00 | OK | |||
r-release-macos-x86_64 | 1.0 | 104.00 | OK | |||
r-release-windows-x86_64 | 1.0 | 71.00 | 99.00 | 170.00 | OK | |
r-oldrel-macos-arm64 | 1.0 | 59.00 | NOTE | |||
r-oldrel-macos-x86_64 | 1.0 | 155.00 | NOTE | |||
r-oldrel-windows-x86_64 | 1.0 | 82.00 | 121.00 | 203.00 | OK |
Version: 1.0
Check: examples
Result: NOTE
Examples with CPU (user + system) or elapsed time > 5s
user system elapsed
mutestim 9.216 0.024 11.420
rflan 5.119 0.004 6.049
Flavor: r-devel-linux-x86_64-debian-clang
Version: 1.0
Check: examples
Result: NOTE
Examples with CPU (user + system) or elapsed time > 5s
user system elapsed
mutestim 5.151 0.015 5.893
Flavor: r-devel-linux-x86_64-debian-gcc
Version: 1.0
Check: installed package size
Result: NOTE
installed size is 7.8Mb
sub-directories of 1Mb or more:
libs 7.5Mb
Flavors: r-oldrel-macos-arm64, r-oldrel-macos-x86_64