Last updated on 2025-04-30 04:50:05 CEST.
Flavor | Version | Tinstall | Tcheck | Ttotal | Status | Flags |
---|---|---|---|---|---|---|
r-devel-linux-x86_64-debian-clang | 0.0.4 | 7.00 | 102.96 | 109.96 | NOTE | |
r-devel-linux-x86_64-debian-gcc | 0.0.4 | 4.98 | 73.05 | 78.03 | NOTE | |
r-devel-linux-x86_64-fedora-clang | 0.0.4 | 181.54 | OK | |||
r-devel-linux-x86_64-fedora-gcc | 0.0.4 | 190.20 | OK | |||
r-devel-windows-x86_64 | 0.0.4 | 8.00 | 120.00 | 128.00 | OK | |
r-patched-linux-x86_64 | 0.0.4 | 7.16 | 97.07 | 104.23 | OK | |
r-release-linux-x86_64 | 0.0.4 | 6.79 | 94.98 | 101.77 | OK | |
r-release-macos-arm64 | 0.0.4 | 58.00 | OK | |||
r-release-macos-x86_64 | 0.0.4 | 154.00 | OK | |||
r-release-windows-x86_64 | 0.0.4 | 9.00 | 118.00 | 127.00 | OK | |
r-oldrel-macos-arm64 | 0.0.4 | 56.00 | OK | |||
r-oldrel-macos-x86_64 | 0.0.4 | 82.00 | OK | |||
r-oldrel-windows-x86_64 | 0.0.4 | 11.00 | 139.00 | 150.00 | OK |
Version: 0.0.4
Check: CRAN incoming feasibility
Result: NOTE
Maintainer: ‘Brian D. Williamson <brian.d.williamson@kp.org>’
The Description field contains
Williamson and Huang (2023+) <arXiv:2202.12989>.
Please refer to arXiv e-prints via their arXiv DOI <doi:10.48550/arXiv.YYMM.NNNNN>.
Flavors: r-devel-linux-x86_64-debian-clang, r-devel-linux-x86_64-debian-gcc
Version: 0.0.4
Check: examples
Result: NOTE
Examples with CPU (user + system) or elapsed time > 5s
user system elapsed
extract_importance_svm 4.202 0.134 5.582
Flavor: r-devel-linux-x86_64-debian-clang