Last updated on 2025-02-21 03:52:12 CET.
Flavor | Version | Tinstall | Tcheck | Ttotal | Status | Flags |
---|---|---|---|---|---|---|
r-devel-linux-x86_64-debian-clang | 0.6.2 | 3.77 | 33.13 | 36.90 | NOTE | |
r-devel-linux-x86_64-debian-gcc | 0.6.2 | 2.48 | 25.81 | 28.29 | NOTE | |
r-devel-linux-x86_64-fedora-clang | 0.6.2 | 58.08 | NOTE | |||
r-devel-linux-x86_64-fedora-gcc | 0.6.2 | 54.84 | NOTE | |||
r-devel-macos-arm64 | 0.6.2 | 23.00 | NOTE | |||
r-devel-macos-x86_64 | 0.6.2 | 42.00 | NOTE | |||
r-devel-windows-x86_64 | 0.6.2 | 7.00 | 60.00 | 67.00 | NOTE | |
r-patched-linux-x86_64 | 0.6.2 | 3.10 | 31.39 | 34.49 | NOTE | |
r-release-linux-x86_64 | 0.6.2 | 3.32 | 31.61 | 34.93 | NOTE | |
r-release-macos-arm64 | 0.6.2 | 23.00 | NOTE | |||
r-release-macos-x86_64 | 0.6.2 | 38.00 | NOTE | |||
r-release-windows-x86_64 | 0.6.2 | 7.00 | 59.00 | 66.00 | NOTE | |
r-oldrel-macos-arm64 | 0.6.2 | 21.00 | OK | |||
r-oldrel-macos-x86_64 | 0.6.2 | 31.00 | OK | |||
r-oldrel-windows-x86_64 | 0.6.2 | 7.00 | 62.00 | 69.00 | OK |
Version: 0.6.2
Check: Rd files
Result: NOTE
checkRd: (-1) flex_dashboard.Rd:96: Lost braces; missing escapes or markup?
96 | the `{.storyboard}` attribute to individual pages rather than using the
| ^
Flavors: r-devel-linux-x86_64-debian-clang, r-devel-linux-x86_64-debian-gcc, r-devel-linux-x86_64-fedora-clang, r-devel-linux-x86_64-fedora-gcc, r-devel-macos-arm64, r-devel-macos-x86_64, r-devel-windows-x86_64, r-patched-linux-x86_64, r-release-linux-x86_64, r-release-macos-arm64, r-release-macos-x86_64, r-release-windows-x86_64