Last updated on 2025-04-30 04:50:05 CEST.
Flavor | Version | Tinstall | Tcheck | Ttotal | Status | Flags |
---|---|---|---|---|---|---|
r-devel-linux-x86_64-debian-clang | 1.0.0 | 5.38 | 118.64 | 124.02 | NOTE | |
r-devel-linux-x86_64-debian-gcc | 1.0.0 | 3.85 | 76.20 | 80.05 | NOTE | |
r-devel-linux-x86_64-fedora-clang | 1.0.0 | 192.40 | OK | |||
r-devel-linux-x86_64-fedora-gcc | 1.0.0 | 202.28 | OK | |||
r-devel-windows-x86_64 | 1.0.0 | 6.00 | 137.00 | 143.00 | OK | |
r-patched-linux-x86_64 | 1.0.0 | 5.72 | 110.74 | 116.46 | OK | |
r-release-linux-x86_64 | 1.0.0 | 5.02 | 109.31 | 114.33 | OK | |
r-release-macos-arm64 | 1.0.0 | 59.00 | OK | |||
r-release-macos-x86_64 | 1.0.0 | 124.00 | OK | |||
r-release-windows-x86_64 | 1.0.0 | 8.00 | 141.00 | 149.00 | OK | |
r-oldrel-macos-arm64 | 1.0.0 | 62.00 | OK | |||
r-oldrel-macos-x86_64 | 1.0.0 | 158.00 | OK | |||
r-oldrel-windows-x86_64 | 1.0.0 | 8.00 | 173.00 | 181.00 | OK |
Version: 1.0.0
Check: examples
Result: NOTE
Examples with CPU (user + system) or elapsed time > 5s
user system elapsed
FLXMCregbetabinom 7.657 0.036 9.324
kccaExtendedFamily 6.743 0.000 7.792
distances 3.802 0.012 5.096
Flavor: r-devel-linux-x86_64-debian-clang
Version: 1.0.0
Check: examples
Result: NOTE
Examples with CPU (user + system) or elapsed time > 5s
user system elapsed
FLXMCregbetabinom 4.257 0.036 5.232
Flavor: r-devel-linux-x86_64-debian-gcc