Last updated on 2025-04-30 04:50:05 CEST.
Flavor | Version | Tinstall | Tcheck | Ttotal | Status | Flags |
---|---|---|---|---|---|---|
r-devel-linux-x86_64-debian-clang | 2.3.2 | 50.50 | 411.31 | 461.81 | NOTE | |
r-devel-linux-x86_64-debian-gcc | 2.3.2 | 35.29 | 277.40 | 312.69 | OK | |
r-devel-linux-x86_64-fedora-clang | 2.3.2 | 729.83 | OK | |||
r-devel-linux-x86_64-fedora-gcc | 2.3.2 | 730.75 | OK | |||
r-devel-windows-x86_64 | 2.3.2 | 59.00 | 463.00 | 522.00 | OK | |
r-patched-linux-x86_64 | 2.3.2 | 52.05 | 397.57 | 449.62 | OK | |
r-release-linux-x86_64 | 2.3.2 | 49.25 | 394.99 | 444.24 | OK | |
r-release-macos-arm64 | 2.3.2 | 193.00 | OK | |||
r-release-macos-x86_64 | 2.3.2 | 417.00 | OK | |||
r-release-windows-x86_64 | 2.3.2 | 58.00 | 454.00 | 512.00 | OK | |
r-oldrel-macos-arm64 | 2.3.2 | 211.00 | OK | |||
r-oldrel-macos-x86_64 | 2.3.2 | 574.00 | OK | |||
r-oldrel-windows-x86_64 | 2.3.2 | 70.00 | 582.00 | 652.00 | OK |
Version: 2.3.2
Check: examples
Result: NOTE
Examples with CPU (user + system) or elapsed time > 5s
user system elapsed
plot.standsurv 4.51 0.099 5.546
Flavor: r-devel-linux-x86_64-debian-clang