CRAN Package Check Results for Package flipdownr

Last updated on 2025-04-30 04:50:06 CEST.

Flavor Version Tinstall Tcheck Ttotal Status Flags
r-devel-linux-x86_64-debian-clang 0.1.1 1.54 17.71 19.25 OK
r-devel-linux-x86_64-debian-gcc 0.1.1 1.45 14.79 16.24 OK
r-devel-linux-x86_64-fedora-clang 0.1.1 28.34 OK
r-devel-linux-x86_64-fedora-gcc 0.1.1 27.26 OK
r-devel-windows-x86_64 0.1.1 3.00 39.00 42.00 OK
r-patched-linux-x86_64 0.1.1 1.73 16.24 17.97 OK
r-release-linux-x86_64 0.1.1 1.64 15.85 17.49 OK
r-release-macos-arm64 0.1.1 18.00 OK
r-release-macos-x86_64 0.1.1 28.00 OK
r-release-windows-x86_64 0.1.1 2.00 41.00 43.00 OK
r-oldrel-macos-arm64 0.1.1 14.00 NOTE
r-oldrel-macos-x86_64 0.1.1 20.00 NOTE
r-oldrel-windows-x86_64 0.1.1 3.00 38.00 41.00 NOTE

Check Details

Version: 0.1.1
Check: LazyData
Result: NOTE 'LazyData' is specified without a 'data' directory Flavors: r-oldrel-macos-arm64, r-oldrel-macos-x86_64, r-oldrel-windows-x86_64