Last updated on 2025-04-30 04:50:06 CEST.
Flavor | Version | Tinstall | Tcheck | Ttotal | Status | Flags |
---|---|---|---|---|---|---|
r-devel-linux-x86_64-debian-clang | 1.5.5 | 7.36 | 58.32 | 65.68 | NOTE | |
r-devel-linux-x86_64-debian-gcc | 1.5.5 | 5.15 | 41.67 | 46.82 | NOTE | |
r-devel-linux-x86_64-fedora-clang | 1.5.5 | 98.03 | OK | |||
r-devel-linux-x86_64-fedora-gcc | 1.5.5 | 85.86 | OK | |||
r-devel-windows-x86_64 | 1.5.5 | 8.00 | 71.00 | 79.00 | NOTE | |
r-patched-linux-x86_64 | 1.5.5 | 6.72 | 54.78 | 61.50 | NOTE | |
r-release-linux-x86_64 | 1.5.5 | 6.49 | 54.64 | 61.13 | NOTE | |
r-release-macos-arm64 | 1.5.5 | 50.00 | OK | |||
r-release-macos-x86_64 | 1.5.5 | 54.00 | OK | |||
r-release-windows-x86_64 | 1.5.5 | 8.00 | 69.00 | 77.00 | NOTE | |
r-oldrel-macos-arm64 | 1.5.5 | 29.00 | OK | |||
r-oldrel-macos-x86_64 | 1.5.5 | 43.00 | OK | |||
r-oldrel-windows-x86_64 | 1.5.5 | 10.00 | 83.00 | 93.00 | OK |
Version: 1.5.5
Check: Rd cross-references
Result: NOTE
Found the following Rd file(s) with Rd \link{} targets missing package
anchors:
scramblase_assay_plot.Rd: facet_wrap, ggplot, nlsLM, geom_line,
geom_segment, geom_point
Please provide package anchors for all Rd \link{} targets not in the
package itself and the base packages.
Flavors: r-devel-linux-x86_64-debian-clang, r-devel-linux-x86_64-debian-gcc, r-devel-windows-x86_64, r-patched-linux-x86_64, r-release-linux-x86_64, r-release-windows-x86_64
Version: 1.5.5
Check: examples
Result: NOTE
Examples with CPU (user + system) or elapsed time > 5s
user system elapsed
scramblase_assay_plot 8.014 0.318 10.423
Flavor: r-devel-linux-x86_64-debian-clang
Version: 1.5.5
Check: examples
Result: NOTE
Examples with CPU (user + system) or elapsed time > 5s
user system elapsed
scramblase_assay_plot 6.036 0.269 7.406
Flavor: r-devel-linux-x86_64-debian-gcc