CRAN Package Check Results for Package flipr

Last updated on 2025-04-30 04:50:06 CEST.

Flavor Version Tinstall Tcheck Ttotal Status Flags
r-devel-linux-x86_64-debian-clang 0.3.3 21.08 111.59 132.67 OK
r-devel-linux-x86_64-debian-gcc 0.3.3 15.33 79.15 94.48 OK
r-devel-linux-x86_64-fedora-clang 0.3.3 196.39 OK
r-devel-linux-x86_64-fedora-gcc 0.3.3 195.59 OK
r-devel-windows-x86_64 0.3.3 30.00 124.00 154.00 OK
r-patched-linux-x86_64 0.3.3 20.04 106.51 126.55 OK
r-release-linux-x86_64 0.3.3 20.25 106.23 126.48 OK
r-release-macos-arm64 0.3.3 80.00 OK
r-release-macos-x86_64 0.3.3 105.00 OK
r-release-windows-x86_64 0.3.3 29.00 117.00 146.00 OK
r-oldrel-macos-arm64 0.3.3 52.00 NOTE
r-oldrel-macos-x86_64 0.3.3 87.00 NOTE
r-oldrel-windows-x86_64 0.3.3 31.00 147.00 178.00 NOTE

Check Details

Version: 0.3.3
Check: installed package size
Result: NOTE installed size is 10.6Mb sub-directories of 1Mb or more: doc 9.1Mb Flavors: r-oldrel-macos-arm64, r-oldrel-macos-x86_64, r-oldrel-windows-x86_64