Last updated on 2025-04-30 04:50:06 CEST.
Flavor | Version | Tinstall | Tcheck | Ttotal | Status | Flags |
---|---|---|---|---|---|---|
r-devel-linux-x86_64-debian-clang | 0.2.3 | 3.08 | 37.05 | 40.13 | NOTE | |
r-devel-linux-x86_64-debian-gcc | 0.2.3 | 2.22 | 29.13 | 31.35 | NOTE | |
r-devel-linux-x86_64-fedora-clang | 0.2.3 | 58.87 | OK | |||
r-devel-linux-x86_64-fedora-gcc | 0.2.3 | 60.05 | OK | |||
r-devel-windows-x86_64 | 0.2.3 | 4.00 | 58.00 | 62.00 | OK | |
r-patched-linux-x86_64 | 0.2.3 | 2.97 | 35.10 | 38.07 | OK | |
r-release-linux-x86_64 | 0.2.3 | 2.65 | 35.22 | 37.87 | OK | |
r-release-macos-arm64 | 0.2.3 | 24.00 | OK | |||
r-release-macos-x86_64 | 0.2.3 | 54.00 | OK | |||
r-release-windows-x86_64 | 0.2.3 | 4.00 | 61.00 | 65.00 | OK | |
r-oldrel-macos-arm64 | 0.2.3 | 24.00 | OK | |||
r-oldrel-macos-x86_64 | 0.2.3 | 33.00 | OK | |||
r-oldrel-windows-x86_64 | 0.2.3 | 5.00 | 63.00 | 68.00 | OK |
Version: 0.2.3
Check: CRAN incoming feasibility
Result: NOTE
Maintainer: ‘Joe Thorley <joe@poissonconsulting.ca>’
Package has help file(s) containing later-stage \Sexpr{} expressions
but no 'build/stage23.rdb' file.
Flavors: r-devel-linux-x86_64-debian-clang, r-devel-linux-x86_64-debian-gcc