Last updated on 2025-04-30 04:50:06 CEST.
Flavor | Version | Tinstall | Tcheck | Ttotal | Status | Flags |
---|---|---|---|---|---|---|
r-devel-linux-x86_64-debian-clang | 1.3.0 | 26.47 | 292.31 | 318.78 | NOTE | |
r-devel-linux-x86_64-debian-gcc | 1.3.0 | 18.32 | 183.95 | 202.27 | OK | |
r-devel-linux-x86_64-fedora-clang | 1.3.0 | 502.97 | OK | |||
r-devel-linux-x86_64-fedora-gcc | 1.3.0 | 498.71 | OK | |||
r-devel-windows-x86_64 | 1.3.0 | 25.00 | 252.00 | 277.00 | OK | |
r-patched-linux-x86_64 | 1.3.0 | 27.45 | 275.19 | 302.64 | OK | |
r-release-linux-x86_64 | 1.3.0 | 25.60 | 276.16 | 301.76 | OK | |
r-release-macos-arm64 | 1.3.0 | 143.00 | OK | |||
r-release-macos-x86_64 | 1.3.0 | 303.00 | OK | |||
r-release-windows-x86_64 | 1.3.0 | 26.00 | 256.00 | 282.00 | OK | |
r-oldrel-macos-arm64 | 1.3.0 | 126.00 | OK | |||
r-oldrel-macos-x86_64 | 1.3.0 | 280.00 | OK | |||
r-oldrel-windows-x86_64 | 1.3.0 | 30.00 | 333.00 | 363.00 | OK |
Version: 1.3.0
Check: examples
Result: NOTE
Examples with CPU (user + system) or elapsed time > 5s
user system elapsed
solve_discrepancies 6.983 0.058 9.255
Flavor: r-devel-linux-x86_64-debian-clang