Last updated on 2025-04-30 04:50:06 CEST.
Flavor | Version | Tinstall | Tcheck | Ttotal | Status | Flags |
---|---|---|---|---|---|---|
r-devel-linux-x86_64-debian-clang | 1.5.5 | 18.97 | 18.63 | 37.60 | NOTE | |
r-devel-linux-x86_64-debian-gcc | 1.5.5 | 13.84 | 15.31 | 29.15 | NOTE | |
r-devel-linux-x86_64-fedora-clang | 1.5.5 | 79.51 | OK | |||
r-devel-linux-x86_64-fedora-gcc | 1.5.5 | 61.58 | OK | |||
r-devel-windows-x86_64 | 1.5.5 | 23.00 | 56.00 | 79.00 | OK | |
r-patched-linux-x86_64 | 1.5.5 | 18.64 | 17.78 | 36.42 | OK | |
r-release-linux-x86_64 | 1.5.5 | 18.16 | 17.88 | 36.04 | OK | |
r-release-macos-arm64 | 1.5.5 | 27.00 | OK | |||
r-release-macos-x86_64 | 1.5.5 | 33.00 | OK | |||
r-release-windows-x86_64 | 1.5.5 | 25.00 | 56.00 | 81.00 | OK | |
r-oldrel-macos-arm64 | 1.5.5 | 23.00 | OK | |||
r-oldrel-macos-x86_64 | 1.5.5 | 30.00 | OK | |||
r-oldrel-windows-x86_64 | 1.5.5 | 23.00 | 60.00 | 83.00 | OK |
Version: 1.5.5
Check: CRAN incoming feasibility
Result: NOTE
Maintainer: ‘Holger Hoefling <hhoeflin@gmail.com>’
No Authors@R field in DESCRIPTION.
Please add one, modifying
Authors@R: person(given = "Holger",
family = "Hoefling",
role = c("aut", "cre"),
email = "hhoeflin@gmail.com")
as necessary.
The Description field contains
<arXiv:0910.0526>.
Please refer to arXiv e-prints via their arXiv DOI <doi:10.48550/arXiv.YYMM.NNNNN>.
Flavors: r-devel-linux-x86_64-debian-clang, r-devel-linux-x86_64-debian-gcc