Last updated on 2025-11-04 03:50:50 CET.
| Flavor | Version | Tinstall | Tcheck | Ttotal | Status | Flags | 
|---|---|---|---|---|---|---|
| r-devel-linux-x86_64-debian-clang | 1.0.2 | 3.11 | 22.87 | 25.98 | OK | |
| r-devel-linux-x86_64-debian-gcc | 1.0.2 | 2.85 | 18.04 | 20.89 | OK | |
| r-devel-linux-x86_64-fedora-clang | 1.0.2 | 15.00 | 26.11 | 41.11 | OK | |
| r-devel-linux-x86_64-fedora-gcc | 1.0.2 | 37.20 | OK | |||
| r-devel-windows-x86_64 | 1.0.2 | 10.00 | 69.00 | 79.00 | OK | |
| r-patched-linux-x86_64 | 1.0.2 | 3.07 | 21.81 | 24.88 | OK | |
| r-release-linux-x86_64 | 1.0.2 | 2.91 | 21.75 | 24.66 | OK | |
| r-release-macos-arm64 | 1.0.2 | 10.00 | 18.00 | 28.00 | OK | |
| r-release-macos-x86_64 | 1.0.2 | 12.00 | 28.00 | 40.00 | OK | |
| r-release-windows-x86_64 | 1.0.2 | 11.00 | 72.00 | 83.00 | OK | |
| r-oldrel-macos-arm64 | 1.0.2 | 7.00 | 15.00 | 22.00 | OK | |
| r-oldrel-macos-x86_64 | 1.0.2 | 11.00 | 25.00 | 36.00 | OK | |
| r-oldrel-windows-x86_64 | 1.0.2 | 10.00 | 108.00 | 118.00 | NOTE | 
Version: 1.0.2
Check: installed package size
Result: NOTE
    installed size is  8.7Mb
    sub-directories of 1Mb or more:
      libs   8.6Mb
Flavor: r-oldrel-windows-x86_64