CRAN Package Check Results for Package flux

Last updated on 2025-04-30 04:50:06 CEST.

Flavor Version Tinstall Tcheck Ttotal Status Flags
r-devel-linux-x86_64-debian-clang 0.3-0.1 4.89 45.88 50.77 NOTE
r-devel-linux-x86_64-debian-gcc 0.3-0.1 3.98 32.14 36.12 NOTE
r-devel-linux-x86_64-fedora-clang 0.3-0.1 78.38 NOTE
r-devel-linux-x86_64-fedora-gcc 0.3-0.1 74.61 NOTE
r-devel-windows-x86_64 0.3-0.1 6.00 73.00 79.00 OK
r-patched-linux-x86_64 0.3-0.1 6.02 42.96 48.98 NOTE
r-release-linux-x86_64 0.3-0.1 4.31 43.65 47.96 NOTE
r-release-macos-arm64 0.3-0.1 24.00 OK
r-release-macos-x86_64 0.3-0.1 45.00 OK
r-release-windows-x86_64 0.3-0.1 7.00 69.00 76.00 OK
r-oldrel-macos-arm64 0.3-0.1 24.00 OK
r-oldrel-macos-x86_64 0.3-0.1 37.00 OK
r-oldrel-windows-x86_64 0.3-0.1 9.00 75.00 84.00 OK

Check Details

Version: 0.3-0.1
Check: CRAN incoming feasibility
Result: NOTE Maintainer: ‘Gerald Jurasinski <gerald.jurasinski@uni-rostock.de>’ No Authors@R field in DESCRIPTION. Please add one, modifying Authors@R: c(person(given = "Gerald", family = "Jurasinski", role = c("aut", "cre"), email = "gerald.jurasinski@uni-rostock.de"), person(given = "Franziska", family = "Koebsch", role = "aut"), person(given = "Anke", family = "Guenther", role = "aut"), person(given = "Sascha", family = "Beetz", role = "aut")) as necessary. Flavors: r-devel-linux-x86_64-debian-clang, r-devel-linux-x86_64-debian-gcc

Version: 0.3-0.1
Check: for non-standard things in the check directory
Result: NOTE Found the following files/directories: ‘flux.CH4.txt’ Flavors: r-devel-linux-x86_64-debian-clang, r-devel-linux-x86_64-debian-gcc, r-devel-linux-x86_64-fedora-clang, r-devel-linux-x86_64-fedora-gcc, r-patched-linux-x86_64, r-release-linux-x86_64