Last updated on 2025-04-30 04:50:06 CEST.
Flavor | Version | Tinstall | Tcheck | Ttotal | Status | Flags |
---|---|---|---|---|---|---|
r-devel-linux-x86_64-debian-clang | 1.1.0 | 11.30 | 491.25 | 502.55 | NOTE | |
r-devel-linux-x86_64-debian-gcc | 1.1.0 | 7.44 | 287.61 | 295.05 | OK | |
r-devel-linux-x86_64-fedora-clang | 1.1.0 | 798.45 | OK | |||
r-devel-linux-x86_64-fedora-gcc | 1.1.0 | 500.52 | OK | |||
r-devel-windows-x86_64 | 1.1.0 | 13.00 | 402.00 | 415.00 | OK | |
r-patched-linux-x86_64 | 1.1.0 | 10.92 | 463.30 | 474.22 | OK | |
r-release-linux-x86_64 | 1.1.0 | 9.89 | 463.49 | 473.38 | OK | |
r-release-macos-arm64 | 1.1.0 | 133.00 | OK | |||
r-release-macos-x86_64 | 1.1.0 | 321.00 | OK | |||
r-release-windows-x86_64 | 1.1.0 | 14.00 | 394.00 | 408.00 | OK | |
r-oldrel-macos-arm64 | 1.1.0 | 168.00 | OK | |||
r-oldrel-macos-x86_64 | 1.1.0 | 382.00 | OK | |||
r-oldrel-windows-x86_64 | 1.1.0 | 16.00 | 571.00 | 587.00 | OK |
Version: 1.1.0
Check: examples
Result: NOTE
Examples with CPU (user + system) or elapsed time > 5s
user system elapsed
flux_plot 5.507 0.009 6.003
flux_calc 4.035 0.039 5.335
Flavor: r-devel-linux-x86_64-debian-clang