Last updated on 2025-04-30 04:50:06 CEST.
Flavor | Version | Tinstall | Tcheck | Ttotal | Status | Flags |
---|---|---|---|---|---|---|
r-devel-linux-x86_64-debian-clang | 0.1.3 | 15.62 | 52.77 | 68.39 | NOTE | |
r-devel-linux-x86_64-debian-gcc | 0.1.3 | 11.60 | 36.24 | 47.84 | OK | |
r-devel-linux-x86_64-fedora-clang | 0.1.3 | 115.06 | NOTE | |||
r-devel-linux-x86_64-fedora-gcc | 0.1.3 | 120.71 | NOTE | |||
r-devel-windows-x86_64 | 0.1.3 | 22.00 | 86.00 | 108.00 | OK | |
r-patched-linux-x86_64 | 0.1.3 | 15.79 | 49.36 | 65.15 | OK | |
r-release-linux-x86_64 | 0.1.3 | 15.90 | 49.06 | 64.96 | OK | |
r-release-macos-arm64 | 0.1.3 | 50.00 | OK | |||
r-release-macos-x86_64 | 0.1.3 | 70.00 | OK | |||
r-release-windows-x86_64 | 0.1.3 | 22.00 | 88.00 | 110.00 | OK | |
r-oldrel-macos-arm64 | 0.1.3 | 35.00 | OK | |||
r-oldrel-macos-x86_64 | 0.1.3 | 64.00 | OK | |||
r-oldrel-windows-x86_64 | 0.1.3 | 23.00 | 96.00 | 119.00 | OK |
Version: 0.1.3
Check: examples
Result: NOTE
Examples with CPU (user + system) or elapsed time > 5s
user system elapsed
migrate 7.262 0.164 8.995
Flavor: r-devel-linux-x86_64-debian-clang
Version: 0.1.3
Check: dependencies in R code
Result: NOTE
Namespaces in Imports field not imported from:
‘kableExtra’ ‘knitr’ ‘rmarkdown’
All declared Imports should be used.
Flavors: r-devel-linux-x86_64-fedora-clang, r-devel-linux-x86_64-fedora-gcc