Last updated on 2025-04-30 04:50:06 CEST.
Flavor | Version | Tinstall | Tcheck | Ttotal | Status | Flags |
---|---|---|---|---|---|---|
r-devel-linux-x86_64-debian-clang | 0.5-2 | 4.27 | 108.05 | 112.32 | NOTE | |
r-devel-linux-x86_64-debian-gcc | 0.5-2 | 2.97 | 72.72 | 75.69 | NOTE | |
r-devel-linux-x86_64-fedora-clang | 0.5-2 | 174.76 | OK | |||
r-devel-linux-x86_64-fedora-gcc | 0.5-2 | 181.21 | OK | |||
r-devel-windows-x86_64 | 0.5-2 | 5.00 | 152.00 | 157.00 | OK | |
r-patched-linux-x86_64 | 0.5-2 | 4.79 | 104.18 | 108.97 | OK | |
r-release-linux-x86_64 | 0.5-2 | 4.09 | 102.89 | 106.98 | OK | |
r-release-macos-arm64 | 0.5-2 | 75.00 | OK | |||
r-release-macos-x86_64 | 0.5-2 | 132.00 | OK | |||
r-release-windows-x86_64 | 0.5-2 | 6.00 | 151.00 | 157.00 | OK | |
r-oldrel-macos-arm64 | 0.5-2 | 61.00 | OK | |||
r-oldrel-macos-x86_64 | 0.5-2 | 95.00 | OK | |||
r-oldrel-windows-x86_64 | 0.5-2 | 6.00 | 173.00 | 179.00 | OK |
Version: 0.5-2
Check: DESCRIPTION meta-information
Result: NOTE
Author field differs from that derived from Authors@R
Author: ‘George Vega Yon [aut, cre] (<https://orcid.org/0000-0002-3171-0844>), Paul Marjoram [ctb, ths] (<https://orcid.org/0000-0003-0824-7449>), National Cancer Institute (NCI) [fnd] (Grant Number 5P01CA196569-02), Fabian Scheipl [rev] (JOSS reviewer, <https://orcid.org/0000-0001-8172-3603>)’
Authors@R: ‘George Vega Yon [aut, cre] (ORCID: <https://orcid.org/0000-0002-3171-0844>), Paul Marjoram [ctb, ths] (ORCID: <https://orcid.org/0000-0003-0824-7449>), National Cancer Institute (NCI) [fnd] (Grant Number 5P01CA196569-02), Fabian Scheipl [rev] (what: JOSS reviewer, ORCID: <https://orcid.org/0000-0001-8172-3603>)’
Flavors: r-devel-linux-x86_64-debian-clang, r-devel-linux-x86_64-debian-gcc
Version: 0.5-2
Check: examples
Result: NOTE
Examples with CPU (user + system) or elapsed time > 5s
user system elapsed
convergence-checker 7.741 0.004 10.902
Flavor: r-devel-linux-x86_64-debian-clang