CRAN Package Check Results for Package fmesher

Last updated on 2025-04-30 04:50:06 CEST.

Flavor Version Tinstall Tcheck Ttotal Status Flags
r-devel-linux-x86_64-debian-clang 0.3.0 93.44 219.12 312.56 NOTE
r-devel-linux-x86_64-debian-gcc 0.3.0 68.04 149.34 217.38 OK
r-devel-linux-x86_64-fedora-clang 0.3.0 514.43 OK
r-devel-linux-x86_64-fedora-gcc 0.3.0 534.11 OK
r-devel-windows-x86_64 0.3.0 108.00 249.00 357.00 OK
r-patched-linux-x86_64 0.3.0 105.46 206.27 311.73 OK
r-release-linux-x86_64 0.3.0 100.22 211.36 311.58 OK
r-release-macos-arm64 0.3.0 196.00 OK
r-release-macos-x86_64 0.3.0 241.00 OK
r-release-windows-x86_64 0.3.0 110.00 252.00 362.00 OK
r-oldrel-macos-arm64 0.3.0 128.00 NOTE
r-oldrel-macos-x86_64 0.3.0 207.00 NOTE
r-oldrel-windows-x86_64 0.3.0 122.00 314.00 436.00 OK

Check Details

Version: 0.3.0
Check: examples
Result: NOTE Examples with CPU (user + system) or elapsed time > 5s user system elapsed geom_fm 3.771 0.031 5.13 Flavor: r-devel-linux-x86_64-debian-clang

Version: 0.3.0
Check: installed package size
Result: NOTE installed size is 9.8Mb sub-directories of 1Mb or more: libs 8.1Mb Flavors: r-oldrel-macos-arm64, r-oldrel-macos-x86_64