Last updated on 2025-04-30 04:50:06 CEST.
Flavor | Version | Tinstall | Tcheck | Ttotal | Status | Flags |
---|---|---|---|---|---|---|
r-devel-linux-x86_64-debian-clang | 0.7.6 | 4.70 | 44.06 | 48.76 | NOTE | |
r-devel-linux-x86_64-debian-gcc | 0.7.6 | 3.70 | 30.44 | 34.14 | NOTE | |
r-devel-linux-x86_64-fedora-clang | 0.7.6 | 76.36 | OK | |||
r-devel-linux-x86_64-fedora-gcc | 0.7.6 | 72.67 | OK | |||
r-devel-windows-x86_64 | 0.7.6 | 6.00 | 72.00 | 78.00 | OK | |
r-patched-linux-x86_64 | 0.7.6 | 5.48 | 42.15 | 47.63 | OK | |
r-release-linux-x86_64 | 0.7.6 | 4.26 | 41.20 | 45.46 | OK | |
r-release-macos-arm64 | 0.7.6 | 27.00 | OK | |||
r-release-macos-x86_64 | 0.7.6 | 41.00 | OK | |||
r-release-windows-x86_64 | 0.7.6 | 6.00 | 74.00 | 80.00 | OK | |
r-oldrel-macos-arm64 | 0.7.6 | 21.00 | OK | |||
r-oldrel-macos-x86_64 | 0.7.6 | 34.00 | OK | |||
r-oldrel-windows-x86_64 | 0.7.6 | 8.00 | 78.00 | 86.00 | OK |
Version: 0.7.6
Check: CRAN incoming feasibility
Result: NOTE
Maintainer: ‘Minato Nakazawa <minatonakazawa@gmail.com>’
No Authors@R field in DESCRIPTION.
Please add one, modifying
Authors@R: person(given = "Minato",
family = "Nakazawa",
role = c("aut", "cre"),
email = "minatonakazawa@gmail.com")
as necessary.
Flavors: r-devel-linux-x86_64-debian-clang, r-devel-linux-x86_64-debian-gcc