Last updated on 2025-04-30 04:50:06 CEST.
Flavor | Version | Tinstall | Tcheck | Ttotal | Status | Flags |
---|---|---|---|---|---|---|
r-devel-linux-x86_64-debian-clang | 0.1.6 | 9.25 | 84.13 | 93.38 | NOTE | |
r-devel-linux-x86_64-debian-gcc | 0.1.6 | 6.25 | 59.77 | 66.02 | NOTE | |
r-devel-linux-x86_64-fedora-clang | 0.1.6 | 144.41 | OK | |||
r-devel-linux-x86_64-fedora-gcc | 0.1.6 | 144.66 | OK | |||
r-devel-windows-x86_64 | 0.1.6 | 9.00 | 162.00 | 171.00 | OK | |
r-patched-linux-x86_64 | 0.1.6 | 8.10 | 83.77 | 91.87 | OK | |
r-release-linux-x86_64 | 0.1.6 | 6.30 | 83.13 | 89.43 | OK | |
r-release-macos-arm64 | 0.1.6 | 77.00 | OK | |||
r-release-macos-x86_64 | 0.1.6 | 128.00 | OK | |||
r-release-windows-x86_64 | 0.1.6 | 10.00 | 160.00 | 170.00 | OK | |
r-oldrel-macos-arm64 | 0.1.6 | 68.00 | OK | |||
r-oldrel-macos-x86_64 | 0.1.6 | 99.00 | OK | |||
r-oldrel-windows-x86_64 | 0.1.6 | 11.00 | 188.00 | 199.00 | OK |
Version: 0.1.6
Check: CRAN incoming feasibility
Result: NOTE
Maintainer: ‘Haeran Cho <haeran.cho@bristol.ac.uk>’
The Description field contains
methodology and Owens, Cho and Barigozzi (2024+) <arXiv:2301.11675>
Please refer to arXiv e-prints via their arXiv DOI <doi:10.48550/arXiv.YYMM.NNNNN>.
Flavors: r-devel-linux-x86_64-debian-clang, r-devel-linux-x86_64-debian-gcc