CRAN Package Check Results for Package folda

Last updated on 2025-04-30 04:50:06 CEST.

Flavor Version Tinstall Tcheck Ttotal Status Flags
r-devel-linux-x86_64-debian-clang 0.2.0 86.89 40.11 127.00 OK
r-devel-linux-x86_64-debian-gcc 0.2.0 69.40 38.38 107.78 OK
r-devel-linux-x86_64-fedora-clang 0.2.0 205.04 OK
r-devel-linux-x86_64-fedora-gcc 0.2.0 258.26 OK
r-devel-windows-x86_64 0.2.0 89.00 90.00 179.00 OK
r-patched-linux-x86_64 0.2.0 92.15 49.80 141.95 OK
r-release-linux-x86_64 0.2.0 92.85 49.80 142.65 OK
r-release-macos-arm64 0.2.0 106.00 OK
r-release-macos-x86_64 0.2.0 99.00 OK
r-release-windows-x86_64 0.2.0 89.00 89.00 178.00 OK
r-oldrel-macos-arm64 0.2.0 66.00 NOTE
r-oldrel-macos-x86_64 0.2.0 90.00 NOTE
r-oldrel-windows-x86_64 0.2.0 96.00 100.00 196.00 OK

Check Details

Version: 0.2.0
Check: installed package size
Result: NOTE installed size is 32.1Mb sub-directories of 1Mb or more: libs 31.4Mb Flavors: r-oldrel-macos-arm64, r-oldrel-macos-x86_64