CRAN Package Check Results for Package folio

Last updated on 2025-04-30 04:50:06 CEST.

Flavor Version Tinstall Tcheck Ttotal Status Flags
r-devel-linux-x86_64-debian-clang 1.5.0 2.38 26.11 28.49 NOTE
r-devel-linux-x86_64-debian-gcc 1.5.0 1.86 20.95 22.81 NOTE
r-devel-linux-x86_64-fedora-clang 1.5.0 40.95 OK
r-devel-linux-x86_64-fedora-gcc 1.5.0 39.51 OK
r-devel-windows-x86_64 1.5.0 3.00 52.00 55.00 OK
r-patched-linux-x86_64 1.5.0 3.60 24.12 27.72 OK
r-release-linux-x86_64 1.5.0 2.13 23.80 25.93 OK
r-release-macos-arm64 1.5.0 19.00 OK
r-release-macos-x86_64 1.5.0 33.00 OK
r-release-windows-x86_64 1.5.0 3.00 56.00 59.00 OK
r-oldrel-macos-arm64 1.5.0 18.00 OK
r-oldrel-macos-x86_64 1.5.0 39.00 OK
r-oldrel-windows-x86_64 1.5.0 5.00 52.00 57.00 OK

Check Details

Version: 1.5.0
Check: DESCRIPTION meta-information
Result: NOTE Author field differs from that derived from Authors@R Author: ‘Nicolas Frerebeau [aut, cre] (<https://orcid.org/0000-0001-5759-4944>, Université Bordeaux Montaigne), Brice Lebrun [ctb] (<https://orcid.org/0000-0001-7503-8685>, Logo designer), Université Bordeaux Montaigne [fnd], CNRS [fnd]’ Authors@R: ‘Nicolas Frerebeau [aut, cre] (ORCID: <https://orcid.org/0000-0001-5759-4944>, affiliation: Université Bordeaux Montaigne), Brice Lebrun [ctb] (ORCID: <https://orcid.org/0000-0001-7503-8685>, Logo designer), Université Bordeaux Montaigne [fnd], CNRS [fnd]’ Flavors: r-devel-linux-x86_64-debian-clang, r-devel-linux-x86_64-debian-gcc