Last updated on 2025-04-30 04:50:06 CEST.
Flavor | Version | Tinstall | Tcheck | Ttotal | Status | Flags |
---|---|---|---|---|---|---|
r-devel-linux-x86_64-debian-clang | 0.2 | 4.05 | 42.00 | 46.05 | NOTE | |
r-devel-linux-x86_64-debian-gcc | 0.2 | 3.29 | 31.25 | 34.54 | NOTE | |
r-devel-linux-x86_64-fedora-clang | 0.2 | 69.86 | NOTE | |||
r-devel-linux-x86_64-fedora-gcc | 0.2 | 82.94 | NOTE | |||
r-devel-windows-x86_64 | 0.2 | 5.00 | 57.00 | 62.00 | NOTE | |
r-patched-linux-x86_64 | 0.2 | 3.56 | 39.38 | 42.94 | NOTE | |
r-release-linux-x86_64 | 0.2 | 3.64 | 38.60 | 42.24 | NOTE | |
r-release-macos-arm64 | 0.2 | 38.00 | NOTE | |||
r-release-macos-x86_64 | 0.2 | 59.00 | NOTE | |||
r-release-windows-x86_64 | 0.2 | 5.00 | 61.00 | 66.00 | NOTE | |
r-oldrel-macos-arm64 | 0.2 | 34.00 | OK | |||
r-oldrel-macos-x86_64 | 0.2 | 73.00 | OK | |||
r-oldrel-windows-x86_64 | 0.2 | 7.00 | 67.00 | 74.00 | OK |
Version: 0.2
Check: DESCRIPTION meta-information
Result: NOTE
Missing dependency on R >= 4.1.0 because package code uses the pipe
|> or function shorthand \(...) syntax added in R 4.1.0.
File(s) using such syntax:
‘airport_footprint.R’ ‘airport_footprint.Rd’ ‘latlong_footprint.R’
‘latlong_footprint.Rd’
Flavors: r-devel-linux-x86_64-debian-clang, r-devel-linux-x86_64-debian-gcc, r-devel-linux-x86_64-fedora-clang, r-devel-linux-x86_64-fedora-gcc, r-devel-windows-x86_64, r-patched-linux-x86_64, r-release-linux-x86_64, r-release-macos-arm64, r-release-macos-x86_64, r-release-windows-x86_64