Last updated on 2025-04-30 04:50:06 CEST.
Flavor | Version | Tinstall | Tcheck | Ttotal | Status | Flags |
---|---|---|---|---|---|---|
r-devel-linux-x86_64-debian-clang | 2.0.8.2 | 12.16 | 178.32 | 190.48 | NOTE | |
r-devel-linux-x86_64-debian-gcc | 2.0.8.2 | 8.08 | 122.51 | 130.59 | NOTE | |
r-devel-linux-x86_64-fedora-clang | 2.0.8.2 | 283.78 | OK | |||
r-devel-linux-x86_64-fedora-gcc | 2.0.8.2 | 288.01 | OK | |||
r-devel-windows-x86_64 | 2.0.8.2 | 15.00 | 178.00 | 193.00 | OK | |
r-patched-linux-x86_64 | 2.0.8.2 | 13.54 | 167.31 | 180.85 | OK | |
r-release-linux-x86_64 | 2.0.8.2 | 11.57 | 168.87 | 180.44 | OK | |
r-release-macos-arm64 | 2.0.8.2 | 186.00 | OK | |||
r-release-macos-x86_64 | 2.0.8.2 | 197.00 | OK | |||
r-release-windows-x86_64 | 2.0.8.2 | 16.00 | 176.00 | 192.00 | OK | |
r-oldrel-macos-arm64 | 2.0.8.2 | 78.00 | OK | |||
r-oldrel-macos-x86_64 | 2.0.8.2 | 237.00 | OK | |||
r-oldrel-windows-x86_64 | 2.0.8.2 | 19.00 | 216.00 | 235.00 | OK |
Version: 2.0.8.2
Check: CRAN incoming feasibility
Result: NOTE
Maintainer: ‘Tianshu Chen <tianshu129@163.com>’
No Authors@R field in DESCRIPTION.
Please add one, modifying
Authors@R: person(given = "Tianshu",
family = "Chen",
role = c("aut", "cre"),
email = "tianshu129@163.com")
as necessary.
Flavors: r-devel-linux-x86_64-debian-clang, r-devel-linux-x86_64-debian-gcc
Version: 2.0.8.2
Check: examples
Result: NOTE
Examples with CPU (user + system) or elapsed time > 5s
user system elapsed
anylm 4.715 0.249 6.594
Flavor: r-devel-linux-x86_64-debian-clang