CRAN Package Check Results for Package forestError

Last updated on 2025-04-30 04:50:06 CEST.

Flavor Version Tinstall Tcheck Ttotal Status Flags
r-devel-linux-x86_64-debian-clang 1.1.0 3.58 30.40 33.98 NOTE
r-devel-linux-x86_64-debian-gcc 1.1.0 2.08 22.50 24.58 NOTE
r-devel-linux-x86_64-fedora-clang 1.1.0 51.03 OK
r-devel-linux-x86_64-fedora-gcc 1.1.0 47.81 OK
r-devel-windows-x86_64 1.1.0 5.00 51.00 56.00 OK
r-patched-linux-x86_64 1.1.0 3.48 27.56 31.04 OK
r-release-linux-x86_64 1.1.0 3.16 28.03 31.19 OK
r-release-macos-arm64 1.1.0 21.00 OK
r-release-macos-x86_64 1.1.0 34.00 OK
r-release-windows-x86_64 1.1.0 5.00 51.00 56.00 OK
r-oldrel-macos-arm64 1.1.0 19.00 OK
r-oldrel-macos-x86_64 1.1.0 27.00 OK
r-oldrel-windows-x86_64 1.1.0 6.00 51.00 57.00 OK

Check Details

Version: 1.1.0
Check: CRAN incoming feasibility
Result: NOTE Maintainer: ‘Benjamin Lu <b.lu@berkeley.edu>’ No Authors@R field in DESCRIPTION. Please add one, modifying Authors@R: c(person(given = "Benjamin", family = "Lu", role = c("aut", "cre"), email = "b.lu@berkeley.edu"), person(given = "Johanna", family = "Hardin", role = "aut")) as necessary. Package CITATION file contains call(s) to old-style personList() or as.personList(). Please use c() on person objects instead. Package CITATION file contains call(s) to old-style citEntry(). Please use bibentry() instead. Flavors: r-devel-linux-x86_64-debian-clang, r-devel-linux-x86_64-debian-gcc