CRAN Package Check Results for Package forestRK

Last updated on 2025-04-30 04:50:06 CEST.

Flavor Version Tinstall Tcheck Ttotal Status Flags
r-devel-linux-x86_64-debian-clang 0.0-5 11.55 119.88 131.43 OK
r-devel-linux-x86_64-debian-gcc 0.0-5 7.72 83.43 91.15 OK
r-devel-linux-x86_64-fedora-clang 0.0-5 199.26 NOTE
r-devel-linux-x86_64-fedora-gcc 0.0-5 202.32 NOTE
r-devel-windows-x86_64 0.0-5 13.00 126.00 139.00 OK
r-patched-linux-x86_64 0.0-5 12.03 112.75 124.78 OK
r-release-linux-x86_64 0.0-5 10.49 114.61 125.10 OK
r-release-macos-arm64 0.0-5 70.00 OK
r-release-macos-x86_64 0.0-5 114.00 OK
r-release-windows-x86_64 0.0-5 12.00 123.00 135.00 OK
r-oldrel-macos-arm64 0.0-5 52.00 OK
r-oldrel-macos-x86_64 0.0-5 89.00 OK
r-oldrel-windows-x86_64 0.0-5 14.00 157.00 171.00 OK

Check Details

Version: 0.0-5
Check: dependencies in R code
Result: NOTE Namespace in Imports field not imported from: ‘pkgKitten’ All declared Imports should be used. Flavors: r-devel-linux-x86_64-fedora-clang, r-devel-linux-x86_64-fedora-gcc