Last updated on 2025-02-21 03:52:12 CET.
Flavor | Version | Tinstall | Tcheck | Ttotal | Status | Flags |
---|---|---|---|---|---|---|
r-devel-linux-x86_64-debian-clang | 0.0-5 | 10.62 | 115.95 | 126.57 | OK | |
r-devel-linux-x86_64-debian-gcc | 0.0-5 | 8.03 | 79.27 | 87.30 | OK | |
r-devel-linux-x86_64-fedora-clang | 0.0-5 | 197.80 | NOTE | |||
r-devel-linux-x86_64-fedora-gcc | 0.0-5 | 202.87 | NOTE | |||
r-devel-macos-arm64 | 0.0-5 | 58.00 | OK | |||
r-devel-macos-x86_64 | 0.0-5 | 125.00 | OK | |||
r-devel-windows-x86_64 | 0.0-5 | 13.00 | 117.00 | 130.00 | OK | |
r-patched-linux-x86_64 | 0.0-5 | 9.73 | 108.72 | 118.45 | OK | |
r-release-linux-x86_64 | 0.0-5 | 10.50 | 108.86 | 119.36 | OK | |
r-release-macos-arm64 | 0.0-5 | 52.00 | OK | |||
r-release-macos-x86_64 | 0.0-5 | 89.00 | OK | |||
r-release-windows-x86_64 | 0.0-5 | 13.00 | 119.00 | 132.00 | OK | |
r-oldrel-macos-arm64 | 0.0-5 | 61.00 | OK | |||
r-oldrel-macos-x86_64 | 0.0-5 | 106.00 | OK | |||
r-oldrel-windows-x86_64 | 0.0-5 | 16.00 | 169.00 | 185.00 | OK |
Version: 0.0-5
Check: dependencies in R code
Result: NOTE
Namespace in Imports field not imported from: ‘pkgKitten’
All declared Imports should be used.
Flavors: r-devel-linux-x86_64-fedora-clang, r-devel-linux-x86_64-fedora-gcc