Last updated on 2025-04-30 04:50:06 CEST.
Flavor | Version | Tinstall | Tcheck | Ttotal | Status | Flags |
---|---|---|---|---|---|---|
r-devel-linux-x86_64-debian-clang | 2.0.4 | 2.97 | 36.84 | 39.81 | NOTE | |
r-devel-linux-x86_64-debian-gcc | 2.0.4 | 1.83 | 26.81 | 28.64 | OK | |
r-devel-linux-x86_64-fedora-clang | 2.0.4 | 60.75 | NOTE | |||
r-devel-linux-x86_64-fedora-gcc | 2.0.4 | 58.48 | NOTE | |||
r-devel-windows-x86_64 | 2.0.4 | 4.00 | 66.00 | 70.00 | OK | |
r-patched-linux-x86_64 | 2.0.4 | 3.36 | 35.57 | 38.93 | OK | |
r-release-linux-x86_64 | 2.0.4 | 2.52 | 36.46 | 38.98 | OK | |
r-release-macos-arm64 | 2.0.4 | 24.00 | OK | |||
r-release-macos-x86_64 | 2.0.4 | 60.00 | OK | |||
r-release-windows-x86_64 | 2.0.4 | 4.00 | 64.00 | 68.00 | OK | |
r-oldrel-macos-arm64 | 2.0.4 | 23.00 | OK | |||
r-oldrel-macos-x86_64 | 2.0.4 | 35.00 | OK | |||
r-oldrel-windows-x86_64 | 2.0.4 | 5.00 | 66.00 | 71.00 | OK |
Version: 2.0.4
Check: examples
Result: NOTE
Examples with CPU (user + system) or elapsed time > 5s
user system elapsed
nnIndex 4.431 0.074 5.888
Flavor: r-devel-linux-x86_64-debian-clang
Version: 2.0.4
Check: dependencies in R code
Result: NOTE
Namespaces in Imports field not imported from:
‘spatstat’ ‘spatstat.data’
All declared Imports should be used.
Flavors: r-devel-linux-x86_64-fedora-clang, r-devel-linux-x86_64-fedora-gcc