CRAN Package Check Results for Package formulops

Last updated on 2025-02-21 03:52:12 CET.

Flavor Version Tinstall Tcheck Ttotal Status Flags
r-devel-linux-x86_64-debian-clang 0.5.1 1.55 20.13 21.68 OK
r-devel-linux-x86_64-debian-gcc 0.5.1 1.36 16.05 17.41 OK
r-devel-linux-x86_64-fedora-clang 0.5.1 34.76 OK
r-devel-linux-x86_64-fedora-gcc 0.5.1 33.15 OK
r-devel-macos-arm64 0.5.1 17.00 OK
r-devel-macos-x86_64 0.5.1 27.00 OK
r-devel-windows-x86_64 0.5.1 3.00 43.00 46.00 OK
r-patched-linux-x86_64 0.5.1 1.80 18.66 20.46 OK
r-release-linux-x86_64 0.5.1 1.79 19.01 20.80 OK
r-release-macos-arm64 0.5.1 21.00 OK
r-release-macos-x86_64 0.5.1 28.00 OK
r-release-windows-x86_64 0.5.1 2.00 40.00 42.00 OK
r-oldrel-macos-arm64 0.5.0 17.00 NOTE
r-oldrel-macos-x86_64 0.5.1 46.00 OK
r-oldrel-windows-x86_64 0.5.1 4.00 48.00 52.00 OK

Check Details

Version: 0.5.0
Check: LazyData
Result: NOTE 'LazyData' is specified without a 'data' directory Flavor: r-oldrel-macos-arm64