Last updated on 2025-04-30 04:50:06 CEST.
Flavor | Version | Tinstall | Tcheck | Ttotal | Status | Flags |
---|---|---|---|---|---|---|
r-devel-linux-x86_64-debian-clang | 6.4.0 | 7.76 | 63.60 | 71.36 | NOTE | |
r-devel-linux-x86_64-debian-gcc | 6.4.0 | 5.80 | 44.08 | 49.88 | NOTE | |
r-devel-linux-x86_64-fedora-clang | 6.4.0 | 114.12 | OK | |||
r-devel-linux-x86_64-fedora-gcc | 6.4.0 | 121.90 | OK | |||
r-devel-windows-x86_64 | 6.4.0 | 10.00 | 86.00 | 96.00 | OK | |
r-patched-linux-x86_64 | 6.4.0 | 7.86 | 61.99 | 69.85 | OK | |
r-release-linux-x86_64 | 6.4.0 | 7.83 | 60.28 | 68.11 | OK | |
r-release-macos-arm64 | 6.4.0 | 40.00 | OK | |||
r-release-macos-x86_64 | 6.4.0 | 78.00 | OK | |||
r-release-windows-x86_64 | 6.4.0 | 11.00 | 80.00 | 91.00 | OK | |
r-oldrel-macos-arm64 | 6.4.0 | 46.00 | OK | |||
r-oldrel-macos-x86_64 | 6.4.0 | 85.00 | OK | |||
r-oldrel-windows-x86_64 | 6.4.0 | 12.00 | 100.00 | 112.00 | OK |
Version: 6.4.0
Check: examples
Result: NOTE
Examples with CPU (user + system) or elapsed time > 5s
user system elapsed
forsearch_cph 11.538 0.133 12.375
Flavor: r-devel-linux-x86_64-debian-clang
Version: 6.4.0
Check: examples
Result: NOTE
Examples with CPU (user + system) or elapsed time > 5s
user system elapsed
forsearch_cph 6.947 0.096 8.022
Flavor: r-devel-linux-x86_64-debian-gcc