CRAN Package Check Results for Package fpa

Last updated on 2025-04-30 04:50:06 CEST.

Flavor Version Tinstall Tcheck Ttotal Status Flags
r-devel-linux-x86_64-debian-clang 1.0 4.72 46.42 51.14 NOTE
r-devel-linux-x86_64-debian-gcc 1.0 3.87 33.28 37.15 NOTE
r-devel-linux-x86_64-fedora-clang 1.0 79.15 OK
r-devel-linux-x86_64-fedora-gcc 1.0 74.87 OK
r-devel-windows-x86_64 1.0 6.00 69.00 75.00 OK
r-patched-linux-x86_64 1.0 4.87 44.30 49.17 OK
r-release-linux-x86_64 1.0 4.16 43.56 47.72 OK
r-release-macos-arm64 1.0 27.00 OK
r-release-macos-x86_64 1.0 48.00 OK
r-release-windows-x86_64 1.0 6.00 61.00 67.00 OK
r-oldrel-macos-arm64 1.0 25.00 OK
r-oldrel-macos-x86_64 1.0 36.00 OK
r-oldrel-windows-x86_64 1.0 7.00 69.00 76.00 OK

Check Details

Version: 1.0
Check: CRAN incoming feasibility
Result: NOTE Maintainer: ‘Jinlu Cao <caojinlu@gmail.com>’ No Authors@R field in DESCRIPTION. Please add one, modifying Authors@R: person(given = "Jinlu", family = "Cao", role = c("aut", "cre"), email = "caojinlu@gmail.com") as necessary. Flavors: r-devel-linux-x86_64-debian-clang, r-devel-linux-x86_64-debian-gcc