CRAN Package Check Results for Package fpc

Last updated on 2025-11-03 03:49:41 CET.

Flavor Version Tinstall Tcheck Ttotal Status Flags
r-devel-linux-x86_64-debian-clang 2.2-13 16.37 134.93 151.30 OK
r-devel-linux-x86_64-debian-gcc 2.2-13 10.70 89.84 100.54 NOTE
r-devel-linux-x86_64-fedora-clang 2.2-13 54.00 183.75 237.75 NOTE
r-devel-linux-x86_64-fedora-gcc 2.2-13 33.00 177.19 210.19 OK
r-devel-windows-x86_64 2.2-13 15.00 157.00 172.00 OK
r-patched-linux-x86_64 2.2-13 19.12 126.64 145.76 OK
r-release-linux-x86_64 2.2-13 12.17 126.99 139.16 NOTE
r-release-macos-arm64 2.2-13 7.00 53.00 60.00 NOTE
r-release-macos-x86_64 2.2-13 23.00 115.00 138.00 OK
r-release-windows-x86_64 2.2-13 17.00 130.00 147.00 NOTE
r-oldrel-macos-arm64 2.2-13 6.00 49.00 55.00 OK
r-oldrel-macos-x86_64 2.2-13 11.00 107.00 118.00 OK
r-oldrel-windows-x86_64 2.2-13 23.00 203.00 226.00 OK

Check Details

Version: 2.2-13
Check: differences from ‘fpc-Ex.Rout’ to ‘fpc-Ex.Rout.save’
Result: NOTE 2270c2270 < Package 'mclust' version 6.1.2 --- > Package 'mclust' version 6.1.1 2951c2951 < Package 'mclust' version 6.1.2 --- > Package 'mclust' version 6.1.1 3038c3038 < Package 'mclust' version 6.1.2 --- > Package 'mclust' version 6.1.1 3096c3096 < Package 'mclust' version 6.1.2 --- > Package 'mclust' version 6.1.1 3989c3989 < Package 'mclust' version 6.1.2 --- > Package 'mclust' version 6.1.1 Flavors: r-devel-linux-x86_64-debian-gcc, r-devel-linux-x86_64-fedora-clang, r-release-linux-x86_64, r-release-windows-x86_64

Version: 2.2-13
Check: tests
Result: NOTE Running ‘fpctests_notallin.R’ [5s/6s] Comparing ‘fpctests_notallin.Rout’ to ‘fpctests_notallin.Rout.save’ ...9c9 < Package 'mclust' version 6.1.2 --- > Package 'mclust' version 6.1.1 Flavor: r-devel-linux-x86_64-debian-gcc

Version: 2.2-13
Check: tests
Result: NOTE Running ‘fpctests_notallin.R’ [15s/35s] Comparing ‘fpctests_notallin.Rout’ to ‘fpctests_notallin.Rout.save’ ...9c9 < Package 'mclust' version 6.1.2 --- > Package 'mclust' version 6.1.1 Flavor: r-devel-linux-x86_64-fedora-clang

Version: 2.2-13
Check: tests
Result: NOTE Running ‘fpctests_notallin.R’ [7s/10s] Comparing ‘fpctests_notallin.Rout’ to ‘fpctests_notallin.Rout.save’ ...9c9 < Package 'mclust' version 6.1.2 --- > Package 'mclust' version 6.1.1 Flavor: r-release-linux-x86_64

Version: 2.2-13
Check: tests
Result: NOTE Running ‘fpctests_notallin.R’ [3s/3s] Comparing ‘fpctests_notallin.Rout’ to ‘fpctests_notallin.Rout.save’ ...24,26c24,26 < [1,] -0.215 -0.3389 -0.51886 < [2,] 0.370 0.0144 -0.00893 < [3,] -0.111 0.7914 -0.23574 --- > [1,] 0.215 -0.3389 -0.51886 > [2,] -0.370 0.0144 -0.00893 > [3,] 0.111 0.7914 -0.23574 Flavor: r-release-macos-arm64

Version: 2.2-13
Check: tests
Result: NOTE Running 'fpctests_notallin.R' [7s] Comparing 'fpctests_notallin.Rout' to 'fpctests_notallin.Rout.save' ...9c9 < Package 'mclust' version 6.1.2 --- > Package 'mclust' version 6.1.1 Flavor: r-release-windows-x86_64