Last updated on 2025-04-30 04:50:06 CEST.
Flavor | Version | Tinstall | Tcheck | Ttotal | Status | Flags |
---|---|---|---|---|---|---|
r-devel-linux-x86_64-debian-clang | 0.0-6 | 26.73 | 126.44 | 153.17 | NOTE | |
r-devel-linux-x86_64-debian-gcc | 0.0-6 | 21.68 | 86.27 | 107.95 | NOTE | |
r-devel-linux-x86_64-fedora-clang | 0.0-6 | 246.14 | OK | |||
r-devel-linux-x86_64-fedora-gcc | 0.0-6 | 251.17 | OK | |||
r-devel-windows-x86_64 | 0.0-6 | 32.00 | 157.00 | 189.00 | OK | |
r-patched-linux-x86_64 | 0.0-6 | 31.32 | 119.64 | 150.96 | OK | |
r-release-linux-x86_64 | 0.0-6 | 28.40 | 119.05 | 147.45 | OK | |
r-release-macos-arm64 | 0.0-6 | 77.00 | OK | |||
r-release-macos-x86_64 | 0.0-6 | 137.00 | OK | |||
r-release-windows-x86_64 | 0.0-6 | 33.00 | 157.00 | 190.00 | OK | |
r-oldrel-macos-arm64 | 0.0-6 | 73.00 | OK | |||
r-oldrel-macos-x86_64 | 0.0-6 | 247.00 | OK | |||
r-oldrel-windows-x86_64 | 0.0-6 | 37.00 | 186.00 | 223.00 | OK |
Version: 0.0-6
Check: CRAN incoming feasibility
Result: NOTE
Maintainer: ‘Robin K. S. Hankin <hankin.robin@gmail.com>’
The BugReports field in DESCRIPTION has
https://github.com/RobinHankin/frab
which should likely be
https://github.com/RobinHankin/frab/issues
instead.
Flavors: r-devel-linux-x86_64-debian-clang, r-devel-linux-x86_64-debian-gcc