CRAN Package Check Results for Package fractional

Last updated on 2025-04-30 04:50:06 CEST.

Flavor Version Tinstall Tcheck Ttotal Status Flags
r-devel-linux-x86_64-debian-clang 0.1.3 10.15 35.90 46.05 NOTE
r-devel-linux-x86_64-debian-gcc 0.1.3 7.44 27.57 35.01 NOTE
r-devel-linux-x86_64-fedora-clang 0.1.3 76.38 NOTE
r-devel-linux-x86_64-fedora-gcc 0.1.3 86.33 NOTE
r-devel-windows-x86_64 0.1.3 13.00 74.00 87.00 OK
r-patched-linux-x86_64 0.1.3 10.09 34.48 44.57 OK
r-release-linux-x86_64 0.1.3 10.55 34.54 45.09 OK
r-release-macos-arm64 0.1.3 31.00 OK
r-release-macos-x86_64 0.1.3 57.00 OK
r-release-windows-x86_64 0.1.3 13.00 71.00 84.00 OK
r-oldrel-macos-arm64 0.1.3 36.00 NOTE
r-oldrel-macos-x86_64 0.1.3 47.00 NOTE
r-oldrel-windows-x86_64 0.1.3 14.00 84.00 98.00 NOTE

Check Details

Version: 0.1.3
Check: CRAN incoming feasibility
Result: NOTE Maintainer: ‘Bill Venables <bill.venables@gmail.com>’ No Authors@R field in DESCRIPTION. Please add one, modifying Authors@R: person(given = "Bill", family = "Venables", role = c("aut", "cre"), email = "bill.venables@gmail.com") as necessary. Flavors: r-devel-linux-x86_64-debian-clang, r-devel-linux-x86_64-debian-gcc

Version: 0.1.3
Check: compiled code
Result: NOTE File ‘fractional/libs/fractional.so’: Found no calls to: ‘R_registerRoutines’, ‘R_useDynamicSymbols’ It is good practice to register native routines and to disable symbol search. See ‘Writing portable packages’ in the ‘Writing R Extensions’ manual. Flavors: r-devel-linux-x86_64-fedora-clang, r-devel-linux-x86_64-fedora-gcc

Version: 0.1.3
Check: LazyData
Result: NOTE 'LazyData' is specified without a 'data' directory Flavors: r-oldrel-macos-arm64, r-oldrel-macos-x86_64, r-oldrel-windows-x86_64