Last updated on 2025-02-21 03:52:12 CET.
Flavor | Version | Tinstall | Tcheck | Ttotal | Status | Flags |
---|---|---|---|---|---|---|
r-devel-linux-x86_64-debian-clang | 0.2.1 | 12.10 | 28.62 | 40.72 | NOTE | |
r-devel-linux-x86_64-debian-gcc | 0.2.1 | 8.20 | 22.90 | 31.10 | NOTE | |
r-devel-linux-x86_64-fedora-clang | 0.2.1 | 75.24 | NOTE | |||
r-devel-linux-x86_64-fedora-gcc | 0.2.1 | 67.77 | NOTE | |||
r-devel-macos-arm64 | 0.2.1 | 21.00 | NOTE | |||
r-devel-macos-x86_64 | 0.2.1 | 38.00 | NOTE | |||
r-devel-windows-x86_64 | 0.2.1 | 14.00 | 75.00 | 89.00 | NOTE | |
r-patched-linux-x86_64 | 0.2.1 | 12.26 | 27.92 | 40.18 | NOTE | |
r-release-linux-x86_64 | 0.2.1 | 12.08 | 27.78 | 39.86 | NOTE | |
r-release-macos-arm64 | 0.2.1 | 25.00 | NOTE | |||
r-release-macos-x86_64 | 0.2.1 | 33.00 | NOTE | |||
r-release-windows-x86_64 | 0.2.1 | 13.00 | 65.00 | 78.00 | NOTE | |
r-oldrel-macos-arm64 | 0.2.1 | 27.00 | NOTE | |||
r-oldrel-macos-x86_64 | 0.2.1 | 41.00 | NOTE | |||
r-oldrel-windows-x86_64 | 0.2.1 | 15.00 | 78.00 | 93.00 | NOTE |
Version: 0.2.1
Check: C++ specification
Result: NOTE
Specified C++11: please drop specification unless essential
Flavors: r-devel-linux-x86_64-debian-clang, r-devel-linux-x86_64-debian-gcc, r-devel-linux-x86_64-fedora-clang, r-devel-linux-x86_64-fedora-gcc, r-devel-macos-arm64, r-devel-macos-x86_64, r-devel-windows-x86_64, r-patched-linux-x86_64, r-release-linux-x86_64, r-release-macos-arm64, r-release-macos-x86_64, r-release-windows-x86_64, r-oldrel-macos-arm64, r-oldrel-macos-x86_64, r-oldrel-windows-x86_64