Last updated on 2025-04-30 04:50:06 CEST.
Flavor | Version | Tinstall | Tcheck | Ttotal | Status | Flags |
---|---|---|---|---|---|---|
r-devel-linux-x86_64-debian-clang | 1.0.1 | 24.53 | 121.91 | 146.44 | NOTE | |
r-devel-linux-x86_64-debian-gcc | 1.0.1 | 17.21 | 83.28 | 100.49 | NOTE | |
r-devel-linux-x86_64-fedora-clang | 1.0.1 | 227.56 | NOTE | |||
r-devel-linux-x86_64-fedora-gcc | 1.0.1 | 227.36 | NOTE | |||
r-devel-windows-x86_64 | 1.0.1 | 29.00 | 162.00 | 191.00 | NOTE | |
r-patched-linux-x86_64 | 1.0.1 | 25.59 | 115.17 | 140.76 | NOTE | |
r-release-linux-x86_64 | 1.0.1 | 24.42 | 115.10 | 139.52 | NOTE | |
r-release-macos-arm64 | 1.0.1 | 100.00 | NOTE | |||
r-release-macos-x86_64 | 1.0.1 | 129.00 | NOTE | |||
r-release-windows-x86_64 | 1.0.1 | 31.00 | 160.00 | 191.00 | NOTE | |
r-oldrel-macos-arm64 | 1.0.1 | 62.00 | NOTE | |||
r-oldrel-macos-x86_64 | 1.0.1 | 107.00 | NOTE | |||
r-oldrel-windows-x86_64 | 1.0.1 | 34.00 | 175.00 | 209.00 | NOTE |
Version: 1.0.1
Check: CRAN incoming feasibility
Result: NOTE
Maintainer: ‘Theodor Adrian Balan <hello@tbalan.com>’
No Authors@R field in DESCRIPTION.
Please add one, modifying
Authors@R: c(person(given = c("Theodor", "Adrian"),
family = "Balan",
role = c("aut", "cre"),
email = "hello@tbalan.com"),
person(given = "Hein",
family = "Putter",
role = "aut"))
as necessary.
Flavors: r-devel-linux-x86_64-debian-clang, r-devel-linux-x86_64-debian-gcc
Version: 1.0.1
Check: Rd files
Result: NOTE
checkRd: (-1) emfrail_control.Rd:49: Lost braces in \itemize; meant \describe ?
checkRd: (-1) emfrail_control.Rd:50: Lost braces in \itemize; meant \describe ?
checkRd: (-1) emfrail_control.Rd:51: Lost braces in \itemize; meant \describe ?
checkRd: (-1) emfrail_control.Rd:52: Lost braces in \itemize; meant \describe ?
checkRd: (-1) emfrail_control.Rd:53-54: Lost braces in \itemize; meant \describe ?
checkRd: (-1) emfrail_control.Rd:55-57: Lost braces in \itemize; meant \describe ?
Flavors: r-devel-linux-x86_64-debian-clang, r-devel-linux-x86_64-debian-gcc, r-devel-linux-x86_64-fedora-clang, r-devel-linux-x86_64-fedora-gcc, r-devel-windows-x86_64, r-patched-linux-x86_64, r-release-linux-x86_64, r-release-macos-arm64, r-release-macos-x86_64, r-release-windows-x86_64, r-oldrel-macos-arm64, r-oldrel-macos-x86_64, r-oldrel-windows-x86_64
Version: 1.0.1
Check: examples
Result: NOTE
Examples with CPU (user + system) or elapsed time > 5s
user system elapsed
emfrail_pll 5.42 0.096 8.552
Flavor: r-devel-linux-x86_64-debian-clang
Version: 1.0.1
Check: LazyData
Result: NOTE
'LazyData' is specified without a 'data' directory
Flavors: r-oldrel-macos-arm64, r-oldrel-macos-x86_64, r-oldrel-windows-x86_64