Last updated on 2025-04-30 04:50:06 CEST.
Flavor | Version | Tinstall | Tcheck | Ttotal | Status | Flags |
---|---|---|---|---|---|---|
r-devel-linux-x86_64-debian-clang | 1.3.8 | 36.60 | 101.63 | 138.23 | NOTE | |
r-devel-linux-x86_64-debian-gcc | 1.3.8 | 23.05 | 71.46 | 94.51 | OK | |
r-devel-linux-x86_64-fedora-clang | 1.3.8 | 206.22 | OK | |||
r-devel-linux-x86_64-fedora-gcc | 1.3.8 | 195.66 | OK | |||
r-devel-windows-x86_64 | 1.3.8 | 39.00 | 124.00 | 163.00 | OK | |
r-patched-linux-x86_64 | 1.3.8 | 33.26 | 93.93 | 127.19 | OK | |
r-release-linux-x86_64 | 1.3.8 | 32.00 | 95.73 | 127.73 | OK | |
r-release-macos-arm64 | 1.3.8 | 76.00 | OK | |||
r-release-macos-x86_64 | 1.3.8 | 93.00 | OK | |||
r-release-windows-x86_64 | 1.3.8 | 39.00 | 121.00 | 160.00 | OK | |
r-oldrel-macos-arm64 | 1.3.8 | 50.00 | OK | |||
r-oldrel-macos-x86_64 | 1.3.8 | 79.00 | OK | |||
r-oldrel-windows-x86_64 | 1.3.8 | 43.00 | 145.00 | 188.00 | OK |
Version: 1.3.8
Check: examples
Result: NOTE
Examples with CPU (user + system) or elapsed time > 5s
user system elapsed
genfrail 5.578 0.17 7.09
Flavor: r-devel-linux-x86_64-debian-clang