Last updated on 2025-04-30 04:50:06 CEST.
Flavor | Version | Tinstall | Tcheck | Ttotal | Status | Flags |
---|---|---|---|---|---|---|
r-devel-linux-x86_64-debian-clang | 1.1-8 | 19.51 | 183.19 | 202.70 | NOTE | |
r-devel-linux-x86_64-debian-gcc | 1.1-8 | 13.96 | 122.88 | 136.84 | OK | |
r-devel-linux-x86_64-fedora-clang | 1.1-8 | 332.47 | OK | |||
r-devel-linux-x86_64-fedora-gcc | 1.1-8 | 347.21 | OK | |||
r-devel-windows-x86_64 | 1.1-8 | 24.00 | 215.00 | 239.00 | OK | |
r-patched-linux-x86_64 | 1.1-8 | 21.51 | 182.17 | 203.68 | OK | |
r-release-linux-x86_64 | 1.1-8 | 19.50 | 187.07 | 206.57 | OK | |
r-release-macos-arm64 | 1.1-8 | 87.00 | OK | |||
r-release-macos-x86_64 | 1.1-8 | 186.00 | OK | |||
r-release-windows-x86_64 | 1.1-8 | 22.00 | 212.00 | 234.00 | OK | |
r-oldrel-macos-arm64 | 1.1-8 | 110.00 | OK | |||
r-oldrel-macos-x86_64 | 1.1-8 | 213.00 | OK | |||
r-oldrel-windows-x86_64 | 1.1-8 | 27.00 | 272.00 | 299.00 | OK |
Version: 1.1-8
Check: examples
Result: NOTE
Examples with CPU (user + system) or elapsed time > 5s
user system elapsed
dot 4.732 0.015 7.135
Flavor: r-devel-linux-x86_64-debian-clang