Last updated on 2025-04-30 04:50:06 CEST.
Flavor | Version | Tinstall | Tcheck | Ttotal | Status | Flags |
---|---|---|---|---|---|---|
r-devel-linux-x86_64-debian-clang | 1.0.1 | 8.12 | 131.13 | 139.25 | NOTE | |
r-devel-linux-x86_64-debian-gcc | 1.0.1 | 5.83 | 90.58 | 96.41 | NOTE | |
r-devel-linux-x86_64-fedora-clang | 1.0.1 | 206.97 | OK | |||
r-devel-linux-x86_64-fedora-gcc | 1.0.1 | 208.93 | OK | |||
r-devel-windows-x86_64 | 1.0.1 | 9.00 | 144.00 | 153.00 | NOTE | |
r-patched-linux-x86_64 | 1.0.1 | 8.41 | 126.83 | 135.24 | NOTE | |
r-release-linux-x86_64 | 1.0.1 | 6.55 | 126.31 | 132.86 | NOTE | |
r-release-macos-arm64 | 1.0.1 | 63.00 | OK | |||
r-release-macos-x86_64 | 1.0.1 | 135.00 | OK | |||
r-release-windows-x86_64 | 1.0.1 | 9.00 | 138.00 | 147.00 | NOTE | |
r-oldrel-macos-arm64 | 1.0.1 | 62.00 | OK | |||
r-oldrel-macos-x86_64 | 1.0.1 | 98.00 | OK | |||
r-oldrel-windows-x86_64 | 1.0.1 | 12.00 | 175.00 | 187.00 | OK |
Version: 1.0.1
Check: CRAN incoming feasibility
Result: NOTE
Maintainer: ‘Kidzinski L. <lukasz.kidzinski@stanford.edu>’
No Authors@R field in DESCRIPTION.
Please add one, modifying
Authors@R: c(person(given = "Hormann",
family = "S.",
role = "aut"),
person(given = "Kidzinski",
family = "L.",
role = c("aut", "cre"),
email = "lukasz.kidzinski@stanford.edu"))
as necessary.
Flavors: r-devel-linux-x86_64-debian-clang, r-devel-linux-x86_64-debian-gcc
Version: 1.0.1
Check: Rd cross-references
Result: NOTE
Found the following Rd file(s) with Rd \link{} targets missing package
anchors:
fts.freqdom.Rd: freqdom
Please provide package anchors for all Rd \link{} targets not in the
package itself and the base packages.
Flavors: r-devel-linux-x86_64-debian-clang, r-devel-linux-x86_64-debian-gcc, r-devel-windows-x86_64, r-patched-linux-x86_64, r-release-linux-x86_64, r-release-windows-x86_64
Version: 1.0.1
Check: examples
Result: NOTE
Examples with CPU (user + system) or elapsed time > 5s
user system elapsed
fts.dpca 5.408 0.264 6.716
fts.spectral.density 5.177 0.108 5.738
Flavor: r-devel-linux-x86_64-debian-clang
Version: 1.0.1
Check: for unstated dependencies in ‘demo’
Result: NOTE
'library' or 'require' call not declared from: ‘tseries’
Flavors: r-devel-linux-x86_64-debian-clang, r-devel-linux-x86_64-debian-gcc, r-patched-linux-x86_64, r-release-linux-x86_64