CRAN Package Check Results for Package freqdom

Last updated on 2025-04-30 04:50:06 CEST.

Flavor Version Tinstall Tcheck Ttotal Status Flags
r-devel-linux-x86_64-debian-clang 2.0.5 2.88 32.45 35.33 NOTE
r-devel-linux-x86_64-debian-gcc 2.0.5 2.23 22.83 25.06 NOTE
r-devel-linux-x86_64-fedora-clang 2.0.5 53.44 OK
r-devel-linux-x86_64-fedora-gcc 2.0.5 50.78 OK
r-devel-windows-x86_64 2.0.5 4.00 113.00 117.00 OK
r-patched-linux-x86_64 2.0.5 3.73 30.26 33.99 OK
r-release-linux-x86_64 2.0.5 2.91 30.51 33.42 OK
r-release-macos-arm64 2.0.5 20.00 OK
r-release-macos-x86_64 2.0.5 34.00 OK
r-release-windows-x86_64 2.0.5 5.00 55.00 60.00 OK
r-oldrel-macos-arm64 2.0.5 23.00 OK
r-oldrel-macos-x86_64 2.0.5 26.00 OK
r-oldrel-windows-x86_64 2.0.5 5.00 57.00 62.00 OK

Check Details

Version: 2.0.5
Check: CRAN incoming feasibility
Result: NOTE Maintainer: ‘Kidzinski L. <lukasz.kidzinski@stanford.edu>’ No Authors@R field in DESCRIPTION. Please add one, modifying Authors@R: c(person(given = "Hormann", family = "S.", role = "aut"), person(given = "Kidzinski", family = "L.", role = c("aut", "cre"), email = "lukasz.kidzinski@stanford.edu")) as necessary. Flavors: r-devel-linux-x86_64-debian-clang, r-devel-linux-x86_64-debian-gcc

Version: 2.0.5
Check: examples
Result: NOTE Examples with CPU (user + system) or elapsed time > 5s user system elapsed dpca 3.88 0.092 5.625 Flavor: r-devel-linux-x86_64-debian-clang