Last updated on 2025-04-30 04:50:06 CEST.
Flavor | Version | Tinstall | Tcheck | Ttotal | Status | Flags |
---|---|---|---|---|---|---|
r-devel-linux-x86_64-debian-clang | 4.1.0 | 4.50 | 49.60 | 54.10 | OK | |
r-devel-linux-x86_64-debian-gcc | 4.1.0 | 3.09 | 37.50 | 40.59 | OK | |
r-devel-linux-x86_64-fedora-clang | 4.1.0 | 81.93 | OK | |||
r-devel-linux-x86_64-fedora-gcc | 4.1.0 | 90.68 | OK | |||
r-devel-windows-x86_64 | 4.1.0 | 6.00 | 128.00 | 134.00 | NOTE | |
r-patched-linux-x86_64 | 4.1.0 | 6.14 | 46.11 | 52.25 | OK | |
r-release-linux-x86_64 | 4.1.0 | 4.09 | 46.05 | 50.14 | OK | |
r-release-macos-arm64 | 4.1.0 | 55.00 | NOTE | |||
r-release-macos-x86_64 | 4.1.0 | 92.00 | NOTE | |||
r-release-windows-x86_64 | 4.1.0 | 7.00 | 132.00 | 139.00 | NOTE | |
r-oldrel-macos-arm64 | 4.1.0 | 52.00 | NOTE | |||
r-oldrel-macos-x86_64 | 4.1.0 | 77.00 | NOTE | |||
r-oldrel-windows-x86_64 | 4.1.0 | 7.00 | 130.00 | 137.00 | NOTE |
Version: 4.1.0
Check: Rd files
Result: NOTE
checkRd: (-1) NEWS.Rd:234: Escaped LaTeX specials: \_
checkRd: (-1) NEWS.Rd:257: Escaped LaTeX specials: \_ \_
checkRd: (-1) NEWS.Rd:258: Escaped LaTeX specials: \_ \_
checkRd: (-1) NEWS.Rd:259: Escaped LaTeX specials: \_
checkRd: (-1) NEWS.Rd:262: Escaped LaTeX specials: \_
checkRd: (-1) NEWS.Rd:265: Escaped LaTeX specials: \_
Flavors: r-devel-windows-x86_64, r-release-macos-arm64, r-release-macos-x86_64, r-release-windows-x86_64, r-oldrel-macos-arm64, r-oldrel-macos-x86_64, r-oldrel-windows-x86_64