Last updated on 2025-04-30 04:50:06 CEST.
Flavor | Version | Tinstall | Tcheck | Ttotal | Status | Flags |
---|---|---|---|---|---|---|
r-devel-linux-x86_64-debian-clang | 0.2.4 | 400.33 | 52.33 | 452.66 | OK | |
r-devel-linux-x86_64-debian-gcc | 0.2.4 | 221.22 | 45.54 | 266.76 | OK | |
r-devel-linux-x86_64-fedora-clang | 0.2.4 | 594.12 | OK | |||
r-devel-linux-x86_64-fedora-gcc | 0.2.4 | 725.58 | OK | |||
r-devel-windows-x86_64 | 0.2.4 | 247.00 | 152.00 | 399.00 | OK | |
r-patched-linux-x86_64 | 0.2.4 | 318.32 | 57.91 | 376.23 | OK | |
r-release-linux-x86_64 | 0.2.4 | 306.83 | 57.96 | 364.79 | OK | |
r-release-macos-arm64 | 0.2.4 | 173.00 | OK | |||
r-release-macos-x86_64 | 0.2.4 | 163.00 | OK | |||
r-release-windows-x86_64 | 0.2.4 | 244.00 | 148.00 | 392.00 | OK | |
r-oldrel-macos-arm64 | 0.2.4 | 171.00 | NOTE | |||
r-oldrel-macos-x86_64 | 0.2.4 | 180.00 | NOTE | |||
r-oldrel-windows-x86_64 | 0.2.4 | 215.00 | 134.00 | 349.00 | NOTE |
Version: 0.2.4
Check: installed package size
Result: NOTE
installed size is 55.2Mb
sub-directories of 1Mb or more:
libs 54.4Mb
Flavors: r-oldrel-macos-arm64, r-oldrel-macos-x86_64, r-oldrel-windows-x86_64