Last updated on 2025-04-30 04:50:06 CEST.
Flavor | Version | Tinstall | Tcheck | Ttotal | Status | Flags |
---|---|---|---|---|---|---|
r-devel-linux-x86_64-debian-clang | 1.1-8 | 8.35 | 118.97 | 127.32 | NOTE | |
r-devel-linux-x86_64-debian-gcc | 1.1-8 | 6.69 | 83.03 | 89.72 | NOTE | |
r-devel-linux-x86_64-fedora-clang | 1.1-8 | 213.66 | OK | |||
r-devel-linux-x86_64-fedora-gcc | 1.1-8 | 211.25 | OK | |||
r-devel-windows-x86_64 | 1.1-8 | 14.00 | 170.00 | 184.00 | OK | |
r-patched-linux-x86_64 | 1.1-8 | 8.49 | 113.55 | 122.04 | OK | |
r-release-linux-x86_64 | 1.1-8 | 8.77 | 112.62 | 121.39 | OK | |
r-release-macos-arm64 | 1.1-8 | 68.00 | OK | |||
r-release-macos-x86_64 | 1.1-8 | 124.00 | OK | |||
r-release-windows-x86_64 | 1.1-8 | 13.00 | 155.00 | 168.00 | OK | |
r-oldrel-macos-arm64 | 1.1-8 | 61.00 | OK | |||
r-oldrel-macos-x86_64 | 1.1-8 | 88.00 | OK | |||
r-oldrel-windows-x86_64 | 1.1-8 | 15.00 | 178.00 | 193.00 | OK |
Version: 1.1-8
Check: CRAN incoming feasibility
Result: NOTE
Maintainer: ‘Arne Henningsen <arne.henningsen@gmail.com>’
No Authors@R field in DESCRIPTION.
Please add one, modifying
Authors@R: c(person(given = "Tim",
family = "Coelli",
role = "aut"),
person(given = "Arne",
family = "Henningsen",
role = c("aut", "cre"),
email = "arne.henningsen@gmail.com"))
as necessary.
Package CITATION file contains call(s) to old-style personList() or
as.personList(). Please use c() on person objects instead.
Package CITATION file contains call(s) to old-style citEntry(). Please
use bibentry() instead.
Flavors: r-devel-linux-x86_64-debian-clang, r-devel-linux-x86_64-debian-gcc